{"id":962,"date":"2023-11-28T17:34:44","date_gmt":"2023-11-28T14:34:44","guid":{"rendered":"https:\/\/www.nobeltarim.com\/?post_type=product&#038;p=962"},"modified":"2023-11-28T17:34:44","modified_gmt":"2023-11-28T14:34:44","slug":"alcapon-3","status":"publish","type":"product","link":"https:\/\/www.nobeltarim.com\/?product=alcapon-3&lang=fr","title":{"rendered":"ALCAPON"},"content":{"rendered":"<p><strong>ALCAPON <\/strong><\/p>\n<p>&nbsp;<\/p>\n<p><strong>Contenu garanti\u00a0\u00a0\u00a0\u00a0\u00a0\u00a0\u00a0\u00a0\u00a0\u00a0\u00a0\u00a0\u00a0\u00a0\u00a0\u00a0\u00a0\u00a0\u00a0\u00a0\u00a0\u00a0\u00a0\u00a0\u00a0\u00a0\u00a0\u00a0\u00a0\u00a0\u00a0\u00a0\u00a0\u00a0\u00a0\u00a0\u00a0\u00a0\u00a0\u00a0\u00a0\u00a0\u00a0\u00a0\u00a0\u00a0\u00a0\u00a0\u00a0\u00a0\u00a0 \u00a0\u00a0<\/strong><strong>p\/p<\/strong><\/p>\n<p>Azote total (N) :\u00a0\u00a0\u00a0\u00a0\u00a0\u00a0\u00a0\u00a0\u00a0\u00a0\u00a0\u00a0\u00a0\u00a0\u00a0\u00a0\u00a0\u00a0\u00a0\u00a0\u00a0\u00a0\u00a0\u00a0\u00a0\u00a0\u00a0\u00a0\u00a0\u00a0\u00a0\u00a0\u00a0\u00a0\u00a0\u00a0\u00a0\u00a0\u00a0\u00a0\u00a0\u00a0\u00a0 \u00a0\u00a0\u00a0\u00a0\u00a0\u00a0\u00a03%<\/p>\n<p>Azote nitrique (NO\u2083) :\u00a0\u00a0\u00a0\u00a0\u00a0\u00a0\u00a0\u00a0\u00a0\u00a0\u00a0\u00a0\u00a0\u00a0\u00a0\u00a0\u00a0\u00a0\u00a0\u00a0\u00a0\u00a0\u00a0\u00a0\u00a0\u00a0\u00a0\u00a0\u00a0\u00a0\u00a0\u00a0\u00a0\u00a0\u00a0\u00a0\u00a0\u00a0 \u00a0\u00a0\u00a03%<\/p>\n<p>Oxyde de potassium soluble dans l&#8217;eau (K\u2082O)\u00a0 : 24%<\/p>\n<p>Oxyde de calcium soluble dans l&#8217;eau (CaO) : \u00a0\u00a0\u00a0\u00a0\u00a020%<\/p>\n<p>Aspect\u00a0: Poudre blanche<\/p>\n<p><strong>Caract\u00e9ristiques :<\/strong><\/p>\n<p>Alcapon contient exactement les \u00e9l\u00e9ments dont les plantes ont besoin, surtout pendant la p\u00e9riode de fructification. Gr\u00e2ce \u00e0 l&#8217;utilisation combin\u00e9e d&#8217;azote, de potassium et de calcium, notre produit pousse sainement sans fissures, fentes et d\u00e9formations<strong>. <\/strong>Il emp\u00eache le ramollissement des fruits qui se produit avant la r\u00e9colte, prolonge la r\u00e9sistance \u00e0 la route et la dur\u00e9e de conservation.<\/p>\n<p>&nbsp;<\/p>\n<p><strong>Dosage g\u00e9n\u00e9ral de l&#8217;utilisation:<\/strong> Dans la p\u00e9riode de pr\u00e9-r\u00e9colte, 200 gr par 100 L d&#8217;eau s&#8217;applique foliairement ou 0,5 &#8211; 1 kg par d\u00e9care est utilis\u00e9 avec le syst\u00e8me d&#8217;irrigation goutte \u00e0 goutte.<\/p>\n","protected":false},"excerpt":{"rendered":"<p>ALCAPON &nbsp; Contenu garanti\u00a0\u00a0\u00a0\u00a0\u00a0\u00a0\u00a0\u00a0\u00a0\u00a0\u00a0\u00a0\u00a0\u00a0\u00a0\u00a0\u00a0\u00a0\u00a0\u00a0\u00a0\u00a0\u00a0\u00a0\u00a0\u00a0\u00a0\u00a0\u00a0\u00a0\u00a0\u00a0\u00a0\u00a0\u00a0\u00a0\u00a0\u00a0\u00a0\u00a0\u00a0\u00a0\u00a0\u00a0\u00a0\u00a0\u00a0\u00a0\u00a0\u00a0\u00a0 \u00a0\u00a0p\/p Azote total (N) :\u00a0\u00a0\u00a0\u00a0\u00a0\u00a0\u00a0\u00a0\u00a0\u00a0\u00a0\u00a0\u00a0\u00a0\u00a0\u00a0\u00a0\u00a0\u00a0\u00a0\u00a0\u00a0\u00a0\u00a0\u00a0\u00a0\u00a0\u00a0\u00a0\u00a0\u00a0\u00a0\u00a0\u00a0\u00a0\u00a0\u00a0\u00a0\u00a0\u00a0\u00a0\u00a0\u00a0 \u00a0\u00a0\u00a0\u00a0\u00a0\u00a0\u00a03% Azote nitrique (NO\u2083) :\u00a0\u00a0\u00a0\u00a0\u00a0\u00a0\u00a0\u00a0\u00a0\u00a0\u00a0\u00a0\u00a0\u00a0\u00a0\u00a0\u00a0\u00a0\u00a0\u00a0\u00a0\u00a0\u00a0\u00a0\u00a0\u00a0\u00a0\u00a0\u00a0\u00a0\u00a0\u00a0\u00a0\u00a0\u00a0\u00a0\u00a0\u00a0 \u00a0\u00a0\u00a03% Oxyde de potassium soluble dans l&#8217;eau (K\u2082O)\u00a0 : 24% Oxyde de calcium soluble dans l&#8217;eau (CaO) : \u00a0\u00a0\u00a0\u00a0\u00a020% Aspect\u00a0: Poudre blanche Caract\u00e9ristiques : Alcapon contient exactement les \u00e9l\u00e9ments dont les plantes ont besoin, surtout pendant la p\u00e9riode de fructification. Gr\u00e2ce [&#8230;]\n","protected":false},"featured_media":593,"template":"","meta":[],"product_cat":[216],"product_tag":[],"_links":{"self":[{"href":"https:\/\/www.nobeltarim.com\/index.php?rest_route=\/wp\/v2\/product\/962"}],"collection":[{"href":"https:\/\/www.nobeltarim.com\/index.php?rest_route=\/wp\/v2\/product"}],"about":[{"href":"https:\/\/www.nobeltarim.com\/index.php?rest_route=\/wp\/v2\/types\/product"}],"wp:featuredmedia":[{"embeddable":true,"href":"https:\/\/www.nobeltarim.com\/index.php?rest_route=\/wp\/v2\/media\/593"}],"wp:attachment":[{"href":"https:\/\/www.nobeltarim.com\/index.php?rest_route=%2Fwp%2Fv2%2Fmedia&parent=962"}],"wp:term":[{"taxonomy":"product_cat","embeddable":true,"href":"https:\/\/www.nobeltarim.com\/index.php?rest_route=%2Fwp%2Fv2%2Fproduct_cat&post=962"},{"taxonomy":"product_tag","embeddable":true,"href":"https:\/\/www.nobeltarim.com\/index.php?rest_route=%2Fwp%2Fv2%2Fproduct_tag&post=962"}],"curies":[{"name":"wp","href":"https:\/\/api.w.org\/{rel}","templated":true}]}}