{"id":922,"date":"2023-11-28T17:09:52","date_gmt":"2023-11-28T14:09:52","guid":{"rendered":"https:\/\/www.nobeltarim.com\/?post_type=product&#038;p=922"},"modified":"2023-11-28T17:09:53","modified_gmt":"2023-11-28T14:09:53","slug":"fosfocal-nobel-2","status":"publish","type":"product","link":"https:\/\/www.nobeltarim.com\/?product=fosfocal-nobel-2&lang=fr","title":{"rendered":"FOSFOCAL NOBEL"},"content":{"rendered":"<p><strong>FOSFOCAL NOBEL<\/strong><\/p>\n<p><strong>SOLUTION D&#8217;ENGRAIS NP <\/strong><\/p>\n<p><strong>\u00a0<\/strong><\/p>\n<p><strong>Analyse garantie\u00a0\u00a0\u00a0\u00a0\u00a0\u00a0\u00a0\u00a0\u00a0\u00a0\u00a0\u00a0\u00a0\u00a0\u00a0\u00a0\u00a0\u00a0\u00a0\u00a0\u00a0\u00a0\u00a0\u00a0\u00a0\u00a0\u00a0\u00a0\u00a0\u00a0\u00a0\u00a0\u00a0\u00a0\u00a0\u00a0\u00a0\u00a0\u00a0\u00a0\u00a0\u00a0\u00a0\u00a0\u00a0\u00a0\u00a0\u00a0\u00a0\u00a0\u00a0\u00a0\u00a0\u00a0\u00a0\u00a0\u00a0\u00a0\u00a0\u00a0\u00a0\u00a0\u00a0\u00a0\u00a0\u00a0\u00a0 p\/p<\/strong><\/p>\n<p>Azote total (N)\u00a0\u00a0\u00a0\u00a0\u00a0\u00a0\u00a0\u00a0\u00a0\u00a0\u00a0\u00a0\u00a0\u00a0\u00a0\u00a0\u00a0\u00a0\u00a0\u00a0\u00a0\u00a0\u00a0\u00a0\u00a0\u00a0\u00a0\u00a0\u00a0\u00a0\u00a0\u00a0\u00a0\u00a0\u00a0\u00a0\u00a0\u00a0\u00a0\u00a0\u00a0\u00a0\u00a0\u00a0\u00a0\u00a0\u00a0\u00a0\u00a0\u00a0\u00a0\u00a0\u00a0\u00a0\u00a0\u00a0\u00a0\u00a0\u00a0\u00a0\u00a0\u00a0\u00a0\u00a0\u00a0\u00a0\u00a0\u00a0\u00a0\u00a0\u00a0 6%<\/p>\n<p>Azote nitrique\u00a0\u00a0\u00a0\u00a0\u00a0\u00a0\u00a0\u00a0\u00a0\u00a0\u00a0\u00a0\u00a0\u00a0\u00a0\u00a0\u00a0\u00a0\u00a0\u00a0\u00a0\u00a0\u00a0\u00a0\u00a0\u00a0\u00a0\u00a0\u00a0\u00a0\u00a0\u00a0\u00a0\u00a0\u00a0\u00a0\u00a0\u00a0\u00a0\u00a0\u00a0\u00a0\u00a0\u00a0\u00a0\u00a0\u00a0\u00a0\u00a0\u00a0\u00a0\u00a0\u00a0\u00a0\u00a0\u00a0\u00a0\u00a0\u00a0\u00a0\u00a0\u00a0\u00a0\u00a0\u00a0\u00a0\u00a0\u00a0\u00a0\u00a0\u00a0\u00a0\u00a0\u00a0 6%<\/p>\n<p>Pentoxyde de phosphore soluble dans l&#8217;eau(P\u2082O\u2085)\u00a0\u00a0\u00a0\u00a0\u00a0\u00a0\u00a0\u00a0 \u00a0\u00a0\u00a0\u00a0\u00a0\u00a0\u00a024%<\/p>\n<p>Oxyde de calcium soluble dans l&#8217;eau (CaO)\u00a0\u00a0\u00a0\u00a0\u00a0\u00a0\u00a0\u00a0\u00a0\u00a0\u00a0\u00a0\u00a0\u00a0\u00a0\u00a0\u00a0\u00a0\u00a0\u00a0\u00a0 \u00a0\u00a0\u00a0\u00a0\u00a010%<\/p>\n<p><strong>CARACT\u00c9RISTIQUES<\/strong><\/p>\n<p>FOSFOCAL NOBEL est un engrais synergique sp\u00e9cial contenant \u00e0 la fois du phosphore et du calcium. Sa formulation liquide assure une absorption plus rapide de ces \u00e9l\u00e9ments. FOSFOCAL NOBEL initie et acc\u00e9l\u00e8re le d\u00e9veloppement des racines gr\u00e2ce \u00e0 sa composition sp\u00e9ciale. Il augmente la capacit\u00e9 de germination des semences. Comme il facilite le d\u00e9veloppement des racines, il r\u00e9duit consid\u00e9rablement les impacts n\u00e9gatifs des situations d\u00e9favorables (s\u00e9cheresse, phytotoxicit\u00e9 des herbicides, maladies fongiques, etc.) que la jeune plante peut rencontrer au d\u00e9but de sa croissance. FOSFOCAL NOBEL assure une floraison pr\u00e9coce des plantes et la transformation de ces fleurs en fruits sains. FOSFOCAL NOBEL contr\u00f4le la distance entre les deux inflorescences et entre les n\u0153uds de la plante afin que cette derni\u00e8re ne soit pas trop haute. Aux stades ph\u00e9nologiques critiques (floraison, nouaison, maturation), il r\u00e9pond rapidement aux besoins en phosphore et en calcium de la plante par absorption foliaire ou racinaire.<\/p>\n<p>FOSFOCAL NOBEL peut \u00eatre utilis\u00e9 pour neutraliser l&#8217;acide abscissique, qui provoque la chute des fleurs et des fruits, en particulier dans des conditions de temp\u00e9rature \u00e9lev\u00e9e et de faible humidit\u00e9.<\/p>\n<p>&nbsp;<\/p>\n<p><strong>\u00a0\u00a0\u00a0\u00a0\u00a0\u00a0 PLANTES, DOSES ET P\u00c9RIODES RECOMMAND\u00c9ES<\/strong><\/p>\n<table width=\"718\">\n<tbody>\n<tr>\n<td width=\"199\"><strong>PLANTES<\/strong><\/td>\n<td width=\"198\"><strong>DOSE (d\u00e9care)<\/strong><\/td>\n<td width=\"321\"><strong>PERIODS D&#8217;UTILISATION<\/strong><\/td>\n<\/tr>\n<tr>\n<td width=\"199\">Grandes cultures et cultures industrielles<\/p>\n<p>C\u00e9r\u00e9ales, soja, arachide, ma\u00efs, l\u00e9gumineuses, paddy, betterave \u00e0 sucre, coton, verger, pomme de terre, l\u00e9gumes de plein champ et autres cultures de plein champ.<\/td>\n<td width=\"198\">Au sol : 200-400 g<\/p>\n<p>Application foliaire : 200 g \/ 100 L d&#8217;eau<\/td>\n<td width=\"321\">\u00c0 utiliser au d\u00e9but de la p\u00e9riode de d\u00e9veloppement apr\u00e8s l&#8217;\u00e9mergence ou lorsque la plante a une surface foliaire suffisante.<\/td>\n<\/tr>\n<tr>\n<td width=\"199\">Agrumes<\/p>\n<p>Orange, mandarine, citron, pamplemousse<\/td>\n<td width=\"198\">Au sol : 200-400 g<\/p>\n<p>Application foliaire : 200 g \/ 100 L d&#8217;eau<\/td>\n<td width=\"321\">s&#8217;utilise au printemps, lorsque le syst\u00e8me v\u00e9g\u00e9tatif appara\u00eet. 2 ou 3 applications seront \u00e9galement effectu\u00e9es au cours de la saison.<\/td>\n<\/tr>\n<tr>\n<td width=\"199\">Olive<\/td>\n<td width=\"198\">Au sol : 200-400 g<\/p>\n<p>Application foliaire : 200 g \/ 100 L d&#8217;eau<\/td>\n<td width=\"321\">L&#8217;application se fait pendant la p\u00e9riode de formation des nouvelles pousses, des fleurs et des fruits.<\/td>\n<\/tr>\n<tr>\n<td width=\"199\">fruits \u00e0 p\u00e9pins<\/p>\n<p>Pomme, poire, coing<\/td>\n<td width=\"198\">Au sol : 200-400 g<\/p>\n<p>Application foliaire : 200 g \/ 100 L d&#8217;eau<\/td>\n<td width=\"321\">Appliquer 2 \u00e0 3 fois \u00e0 partir du stade du bourgeon rose jusqu&#8217;\u00e0 ce que les fruits atteignent la taille d&#8217;une noix.<\/td>\n<\/tr>\n<tr>\n<td width=\"199\">fruits \u00e0 noyau<\/p>\n<p>P\u00eache, abricot, prune, etc.<\/td>\n<td width=\"198\">Au sol : 200-400 g<\/p>\n<p>Application foliaire : 200 g \/ 100 L d&#8217;eau<\/td>\n<td width=\"321\">S&#8217;utilise dans les phases de bourgeon rose, de floraison et de nouaison.<\/td>\n<\/tr>\n<tr>\n<td width=\"199\">Cerise, noix<\/td>\n<td width=\"198\">Au sol : 200-400 g<\/p>\n<p>Application foliaire : 200 g \/ 100 L d&#8217;eau<\/td>\n<td width=\"321\">L&#8217;application se fait apr\u00e8s la floraison<\/td>\n<\/tr>\n<tr>\n<td width=\"199\">Vignoble<\/td>\n<td width=\"198\">Au sol : 200-400 g<\/p>\n<p>Application foliaire : 200 g \/ 100 L d&#8217;eau<\/td>\n<td width=\"321\">Avant la floraison, au moins 100 litres d&#8217;eau par d\u00e9care<\/p>\n<p>Avant la floraison, au moins 100 litres d&#8217;eau par d\u00e9care et pulv\u00e9riser sur les feuilles (ne s&#8217;applique pas pendant la floraison, 1 ou 2 applications peuvent \u00eatre effectu\u00e9es apr\u00e8s la floraison).<\/td>\n<\/tr>\n<tr>\n<td width=\"199\">Fraise<\/td>\n<td width=\"198\">Au sol : 200-400 g<\/p>\n<p>Application foliaire : 200 g \/ 100 L d&#8217;eau<\/td>\n<td width=\"321\">Il s&#8217;applique pendant la p\u00e9riode de formation des pousses. Il peut \u00eatre appliqu\u00e9 3 \u00e0 4 fois pendant la saison.<\/td>\n<\/tr>\n<tr>\n<td width=\"199\">Produits de serre<\/td>\n<td colspan=\"2\" width=\"520\">il s&#8217;applique 2-3 kg par d\u00e9care chaque semaine avec un syst\u00e8me d&#8217;irrigation goutte \u00e0 goutte \u00e0 partir du sol plusieurs fois de la p\u00e9riode de semis \u00e0 la p\u00e9riode de r\u00e9colte ou 200 g \/ 100 Il peut \u00e9galement \u00eatre appliqu\u00e9 par voie foliaire.<\/td>\n<\/tr>\n<\/tbody>\n<\/table>\n<p>&nbsp;<\/p>\n<p><strong>\u00a0<\/strong><\/p>\n","protected":false},"excerpt":{"rendered":"<h3><strong>NP G\u00dcBRE \u00c7\u00d6ZELT\u0130S\u0130<\/strong><\/h3>\n","protected":false},"featured_media":860,"template":"","meta":[],"product_cat":[171],"product_tag":[],"_links":{"self":[{"href":"https:\/\/www.nobeltarim.com\/index.php?rest_route=\/wp\/v2\/product\/922"}],"collection":[{"href":"https:\/\/www.nobeltarim.com\/index.php?rest_route=\/wp\/v2\/product"}],"about":[{"href":"https:\/\/www.nobeltarim.com\/index.php?rest_route=\/wp\/v2\/types\/product"}],"wp:featuredmedia":[{"embeddable":true,"href":"https:\/\/www.nobeltarim.com\/index.php?rest_route=\/wp\/v2\/media\/860"}],"wp:attachment":[{"href":"https:\/\/www.nobeltarim.com\/index.php?rest_route=%2Fwp%2Fv2%2Fmedia&parent=922"}],"wp:term":[{"taxonomy":"product_cat","embeddable":true,"href":"https:\/\/www.nobeltarim.com\/index.php?rest_route=%2Fwp%2Fv2%2Fproduct_cat&post=922"},{"taxonomy":"product_tag","embeddable":true,"href":"https:\/\/www.nobeltarim.com\/index.php?rest_route=%2Fwp%2Fv2%2Fproduct_tag&post=922"}],"curies":[{"name":"wp","href":"https:\/\/api.w.org\/{rel}","templated":true}]}}