{"id":917,"date":"2023-11-28T17:06:52","date_gmt":"2023-11-28T14:06:52","guid":{"rendered":"https:\/\/www.nobeltarim.com\/?post_type=product&#038;p=917"},"modified":"2023-11-28T17:06:52","modified_gmt":"2023-11-28T14:06:52","slug":"farmagon-3","status":"publish","type":"product","link":"https:\/\/www.nobeltarim.com\/?product=farmagon-3&lang=ar","title":{"rendered":"Farmagon"},"content":{"rendered":"<p><strong>Farmagon<\/strong><\/p>\n<p>\u0633\u0645\u0627\u062f \u0639\u0636\u0648\u064a \u0633\u0627\u0626\u0644 \u064a\u062d\u062a\u0648\u064a \u0639\u0644\u0649 \u0623\u062d\u0645\u0627\u0636 \u0623\u0645\u064a\u0646\u064a\u0629 \u0645\u0646 \u0623\u0635\u0644 \u0646\u0628\u0627\u062a\u064a<\/p>\n<p><strong>\u00a0<\/strong><\/p>\n<p><strong>\u0645\u062d\u062a\u0648\u0649 \u0645\u0636\u0645\u0648\u0646\u00a0\u00a0\u00a0\u00a0\u00a0\u00a0\u00a0\u00a0\u00a0\u00a0\u00a0\u00a0\u00a0\u00a0\u00a0\u00a0\u00a0\u00a0\u00a0\u00a0\u00a0\u00a0\u00a0\u00a0\u00a0\u00a0\u00a0\u00a0\u00a0\u00a0\u00a0\u00a0\u00a0\u00a0\u00a0\u00a0\u00a0\u00a0\u00a0\u00a0\u00a0\u00a0\u00a0\u00a0\u00a0\u00a0\u00a0\u00a0\u00a0\u00a0\u00a0\u00a0\u00a0\u00a0\u00a0\u00a0\u00a0\u00a0\u00a0\u00a0\u00a0\u00a0\u00a0\u00a0\u00a0\u00a0\u00a0\u00a0\u00a0\u00a0 \u00a0\u00a0\u00a0\u00a0\u0648\u0632\u0646\/ \u0648\u0632\u0646\u00a0\u00a0\u00a0 <\/strong><\/p>\n<p>\u0625\u062c\u0645\u0627\u0644\u064a \u0627\u0644\u0645\u0627\u062f\u0629 \u0627\u0644\u0639\u0636\u0648\u064a\u0629.\u00a0\u00a0\u00a0\u00a0\u00a0\u00a0\u00a0\u00a0\u00a0\u00a0\u00a0\u00a0\u00a0\u00a0\u00a0\u00a0\u00a0\u00a0\u00a0\u00a0\u00a0\u00a0\u00a0\u00a0\u00a0\u00a0\u00a0\u00a0\u00a0\u00a0\u00a0\u00a0\u00a0\u00a0\u00a0\u00a0\u00a0\u00a0\u00a0\u00a0\u00a0\u00a0\u00a0\u00a0\u00a0\u00a0\u00a0\u00a0\u00a0\u00a0\u00a0\u00a0\u00a0\u00a0\u00a0\u00a0\u00a0\u00a0\u00a0\u00a0\u00a0\u00a0\u00a0\u00a0\u00a0\u00a0\u00a0\u00a0\u00a0\u00a0 \u00a040\u066a<\/p>\n<p>\u0627\u0644\u0643\u0631\u0628\u0648\u0646 \u0627\u0644\u0639\u0636\u0648\u064a\u00a0\u00a0\u00a0\u00a0\u00a0\u00a0\u00a0\u00a0\u00a0\u00a0\u00a0\u00a0\u00a0\u00a0\u00a0\u00a0\u00a0\u00a0\u00a0\u00a0\u00a0\u00a0\u00a0\u00a0\u00a0\u00a0\u00a0\u00a0\u00a0\u00a0\u00a0\u00a0\u00a0\u00a0\u00a0\u00a0\u00a0\u00a0\u00a0\u00a0\u00a0\u00a0\u00a0\u00a0\u00a0\u00a0\u00a0\u00a0\u00a0\u00a0\u00a0\u00a0\u00a0\u00a0\u00a0\u00a0\u00a0\u00a0\u00a0\u00a0\u00a0\u00a0\u00a0\u00a0\u00a0\u00a0\u00a0\u00a0\u00a0\u00a0\u00a0\u00a0\u00a0\u00a0\u00a0\u00a0\u00a0 \u00a016\u066a<\/p>\n<p>\u0646\u064a\u062a\u0631\u0648\u062c\u064a\u0646 \u0639\u0636\u0648\u064a\u00a0\u00a0\u00a0\u00a0\u00a0\u00a0\u00a0\u00a0\u00a0\u00a0\u00a0\u00a0\u00a0\u00a0\u00a0\u00a0\u00a0\u00a0\u00a0\u00a0\u00a0\u00a0\u00a0\u00a0\u00a0\u00a0\u00a0\u00a0\u00a0\u00a0\u00a0\u00a0\u00a0\u00a0\u00a0\u00a0\u00a0\u00a0\u00a0\u00a0\u00a0\u00a0\u00a0\u00a0\u00a0\u00a0\u00a0\u00a0\u00a0\u00a0\u00a0\u00a0\u00a0\u00a0\u00a0\u00a0\u00a0\u00a0\u00a0\u00a0\u00a0\u00a0\u00a0\u00a0\u00a0\u00a0\u00a0\u00a0\u00a0\u00a0\u00a0\u00a0\u00a0\u00a0\u00a0\u00a0\u00a0\u00a0 \u00a03\u066a<\/p>\n<p>\u0627\u0644\u0623\u062d\u0645\u0627\u0636 \u0627\u0644\u0623\u0645\u064a\u0646\u064a\u0629 \u0627\u0644\u062d\u0631\u0629\u00a0\u00a0\u00a0\u00a0\u00a0\u00a0\u00a0\u00a0\u00a0\u00a0\u00a0\u00a0\u00a0\u00a0\u00a0\u00a0\u00a0\u00a0\u00a0\u00a0\u00a0\u00a0\u00a0\u00a0\u00a0\u00a0\u00a0\u00a0\u00a0\u00a0\u00a0\u00a0\u00a0\u00a0\u00a0\u00a0\u00a0\u00a0\u00a0\u00a0\u00a0\u00a0\u00a0\u00a0\u00a0\u00a0\u00a0\u00a0\u00a0\u00a0\u00a0\u00a0\u00a0\u00a0\u00a0\u00a0\u00a0\u00a0\u00a0\u00a0\u00a0\u00a0\u00a0\u00a0\u00a0\u00a0\u00a0\u00a0\u00a0\u00a0\u00a0 \u00a05\u066a<\/p>\n<p>\u0623\u0643\u0633\u064a\u062f \u0627\u0644\u0628\u0648\u062a\u0627\u0633\u064a\u0648\u0645 \u0627\u0644\u0642\u0627\u0628\u0644 \u0644\u0644\u0630\u0648\u0628\u0627\u0646 \u0641\u064a \u0627\u0644\u0645\u0627\u0621\u00a0\u00a0\u00a0\u00a0\u00a0\u00a0\u00a0\u00a0\u00a0\u00a0\u00a0\u00a0\u00a0\u00a0\u00a0\u00a0\u00a0\u00a0\u00a0\u00a0\u00a0\u00a0\u00a0\u00a0\u00a0\u00a0\u00a0\u00a0\u00a0\u00a0\u00a0\u00a0\u00a0\u00a0\u00a0 \u00a0\u00a0\u00a0\u00a0\u00a0\u00a0\u00a0\u00a0\u00a0\u00a0\u00a0\u00a0\u00a0\u00a0\u00a0\u00a0\u00a0\u00a04\u066a<\/p>\n<p>PH : 4,3-6,3<\/p>\n<p>\u062e\u0635\u0627\u0626\u0635\u0647 :<\/p>\n<p>Farmagon \u0647\u0648 \u0645\u0646\u062a\u062c \u0645\u062a\u0645\u064a\u0632 \u0645\u0635\u0646\u0648\u0639 \u0645\u0646 \u0623\u0646\u0642\u0649 \u0627\u0644\u0645\u0648\u0627\u062f \u0627\u0644\u062e\u0627\u0645 \u0627\u0644\u0639\u0636\u0648\u064a\u0629 \u0648\u0627\u0644\u0623\u062d\u0645\u0627\u0636 \u0627\u0644\u0623\u0645\u064a\u0646\u064a\u0629 \u0639\u0627\u0644\u064a\u0629 \u0627\u0644\u062c\u0648\u062f\u0629. \u0648\u0647\u064a \u0645\u0635\u0645\u0645 \u0644\u0644\u0627\u0633\u062a\u062e\u062f\u0627\u0645 \u0639\u0644\u0649 \u062c\u0645\u064a\u0639 \u0623\u0646\u0648\u0627\u0639 \u0627\u0644\u0646\u0628\u0627\u062a\u0627\u062a.<\/p>\n<p><strong>\u0641\u0648\u0627\u0626\u062f\u0647 :<\/strong><\/p>\n<p>\u064a\u0633\u0631\u0639 \u0646\u0645\u0648 \u0627\u0644\u0646\u0628\u0627\u062a. \u064a\u0632\u064a\u062f \u0645\u0646 \u062d\u062c\u0645 \u0627\u0644\u062b\u0645\u0627\u0631 \u0648\u062c\u0648\u062f\u062a\u0647\u0627. \u064a\u062d\u0645\u064a \u0627\u0644\u0646\u0628\u0627\u062a \u0645\u0646 \u0638\u0631\u0648\u0641 \u0627\u0644\u0625\u062c\u0647\u0627\u062f \u0627\u0644\u0634\u062f\u064a\u062f\u0629. \u064a\u062b\u0631\u064a \u0627\u0644\u062a\u0631\u0628\u0629 \u0628\u0627\u0644\u0645\u0648\u0627\u062f \u0627\u0644\u0639\u0636\u0648\u064a\u0629. \u064a\u0642\u0648\u0645 \u0628\u062a\u062e\u0644\u064a\u0628 \u0648\u062a\u0633\u0647\u064a\u0644 \u0627\u0645\u062a\u0635\u0627\u0635 \u0627\u0644\u0639\u0646\u0627\u0635\u0631 \u0627\u0644\u063a\u0630\u0627\u0626\u064a\u0629 \u0627\u0644\u0645\u062a\u0648\u0641\u0631\u0629 \u0641\u064a \u0627\u0644\u062a\u0631\u0628\u0629 \u0627\u0644\u062a\u064a\u00a0 \u0644\u0627 \u064a\u0633\u062a\u0637\u064a\u0639 \u0627\u0644\u0646\u0628\u0627\u062a \u0627\u0644\u0627\u0633\u062a\u0641\u0627\u062f\u0629 \u0645\u0646\u0647\u0627 \u0628\u0634\u0643\u0644 \u0645\u0628\u0627\u0634\u0631. \u064a\u0632\u064a\u062f \u0643\u0641\u0627\u0621\u0629 \u0627\u0644\u0623\u0633\u0645\u062f\u0629 \u0648 \u064a\u0633\u0647\u0644 \u0627\u0645\u062a\u0635\u0627\u0635\u0647\u0627.<\/p>\n<p>\u062c\u0631\u0639\u0629 \u0627\u0644\u0627\u0633\u062a\u062e\u062f\u0627\u0645:<\/p>\n<p>\u062c\u0631\u0639\u0629 \u0627\u0644\u0627\u0633\u062a\u062e\u062f\u0627\u0645 \u0627\u0644\u0639\u0627\u0645\u0629 \u0647\u064a 1 \u0644\u062a\u0631 \u0644\u0643\u0644 \u0647\u0643\u062a\u0627\u0631 \u0645\u0639 \u0627\u0644\u0631\u064a \u0628\u0627\u0644\u062a\u0646\u0642\u064a\u0637. \u0648\u064a\u0633\u062a\u062e\u062f\u0645 \u0639\u0644\u0649 \u0627\u0644\u0648\u0631\u0642 \u0628\u062c\u0631\u0639\u0629 200-250 \u0645\u0644 \u0644\u0643\u0644 100 \u0644\u062a\u0631.<\/p>\n<p><strong>\u062d\u0627\u0644\u0627\u062a \u0627\u0644\u0627\u0645\u062a\u0632\u0627\u062c:<\/strong><\/p>\n<p>\u0648\u064a\u0645\u0643\u0646 \u062e\u0644\u0637\u0647 \u0645\u0639 \u0627\u0644\u0639\u062f\u064a\u062f \u0645\u0646 \u0645\u0646\u062a\u062c\u0627\u062a \u0627\u0644\u062a\u063a\u0630\u064a\u0629 \u0627\u0644\u0646\u0628\u0627\u062a\u064a\u0629 \u0648\u0627\u0644\u0645\u0628\u064a\u062f\u0627\u062a \u0627\u0644\u062d\u0634\u0631\u064a\u0629 \u0627\u0644\u0623\u062e\u0631\u0649 \u0628\u0627\u0633\u062a\u062b\u0646\u0627\u0621 \u062e\u0644\u064a\u0637 \u0628\u0648\u0631\u062f\u0648 \u0648\u0627\u0644\u0623\u062f\u0648\u064a\u0629 \u0627\u0644\u0642\u0644\u0648\u064a\u0629.<\/p>\n<table>\n<tbody>\n<tr>\n<td width=\"248\">\u0625\u0633\u0645 \u0627\u0644\u0645\u0646\u062a\u0648\u062c<\/td>\n<td width=\"137\"><strong>\u0627\u0644\u0631\u064a \u0628\u0627\u0644\u062a\u0646\u0642\u064a\u0637 (\u0644\u062a\u0631\/\u062f\u0648\u0646\u0645)<\/strong><\/td>\n<td width=\"104\">\u0648\u0631\u0642\u064a<\/p>\n<p>(\u0645\u0644\/100 \u0644\u062a\u0631)<\/td>\n<\/tr>\n<tr>\n<td width=\"248\">\u0637\u0645\u0627\u0637\u0645\u060c \u0641\u0644\u0641\u0644\u060c \u062e\u064a\u0627\u0631\u060c \u0628\u0627\u0630\u0646\u062c\u0627\u0646\u060c \u0634\u0645\u0627\u0645\u060c \u0641\u0631\u0627\u0648\u0644\u0629\u060c \u0628\u0637\u064a\u062e\u060c \u0628\u0637\u0627\u0637\u0633\u060c \u0628\u0635\u0644\u060c \u062b\u0648\u0645\u060c \u062e\u0633\u060c \u0633\u0628\u0627\u0646\u062e\u060c \u0645\u0644\u0641\u0648\u0641\u060c \u062c\u0632\u0631\u060c \u0643\u0648\u0633\u0629\u060c \u0642\u0631\u0646\u0628\u064a\u0637<\/td>\n<td width=\"137\">&nbsp;<\/p>\n<p>0,5<\/td>\n<td width=\"104\">&nbsp;<\/p>\n<p>150-200<\/td>\n<\/tr>\n<tr>\n<td width=\"248\">\u0627\u0644\u062a\u0641\u0627\u062d\u060c \u0627\u0644\u0643\u0645\u062b\u0631\u0649\u060c \u0627\u0644\u0643\u064a\u0648\u064a\u060c \u0627\u0644\u0628\u0631\u062a\u0642\u0627\u0644\u060c \u0627\u0644\u0644\u064a\u0645\u0648\u0646\u060c \u0627\u0644\u064a\u0648\u0633\u0641\u064a\u060c \u0627\u0644\u062e\u0648\u062e\u060c \u0627\u0644\u0628\u0631\u0642\u0648\u0642\u060c \u0627\u0644\u0645\u0634\u0645\u0634<\/td>\n<td width=\"137\">1<\/td>\n<td width=\"104\">200-250<\/td>\n<\/tr>\n<tr>\n<td width=\"248\">\u0639\u0628\u0627\u062f \u0627\u0644\u0634\u0645\u0633 \u0648\u0627\u0644\u062d\u0628\u0648\u0628 \u0648\u0628\u0646\u062c\u0631 \u0627\u0644\u0633\u0643\u0631\u064a \u0648\u0627\u0644\u062a\u0628\u063a<\/td>\n<td width=\"137\">1<\/td>\n<td width=\"104\">200-250<\/td>\n<\/tr>\n<tr>\n<td width=\"248\">\u062c\u0645\u064a\u0639 \u0645\u062c\u0645\u0648\u0639\u0627\u062a \u0627\u0644\u0632\u0647\u0648\u0631<\/td>\n<td width=\"137\">0,5<\/td>\n<td width=\"104\">200-250<\/td>\n<\/tr>\n<\/tbody>\n<\/table>\n","protected":false},"excerpt":{"rendered":"<h3><strong>B\u0130TK\u0130SEL MEN\u015eEL\u0130 AM\u0130NOAS\u0130T \u0130\u00c7EREN SIVI ORGAN\u0130K G\u00dcBRE\u00a0<\/strong><\/h3>\n","protected":false},"featured_media":861,"template":"","meta":[],"product_cat":[168],"product_tag":[],"_links":{"self":[{"href":"https:\/\/www.nobeltarim.com\/index.php?rest_route=\/wp\/v2\/product\/917"}],"collection":[{"href":"https:\/\/www.nobeltarim.com\/index.php?rest_route=\/wp\/v2\/product"}],"about":[{"href":"https:\/\/www.nobeltarim.com\/index.php?rest_route=\/wp\/v2\/types\/product"}],"wp:featuredmedia":[{"embeddable":true,"href":"https:\/\/www.nobeltarim.com\/index.php?rest_route=\/wp\/v2\/media\/861"}],"wp:attachment":[{"href":"https:\/\/www.nobeltarim.com\/index.php?rest_route=%2Fwp%2Fv2%2Fmedia&parent=917"}],"wp:term":[{"taxonomy":"product_cat","embeddable":true,"href":"https:\/\/www.nobeltarim.com\/index.php?rest_route=%2Fwp%2Fv2%2Fproduct_cat&post=917"},{"taxonomy":"product_tag","embeddable":true,"href":"https:\/\/www.nobeltarim.com\/index.php?rest_route=%2Fwp%2Fv2%2Fproduct_tag&post=917"}],"curies":[{"name":"wp","href":"https:\/\/api.w.org\/{rel}","templated":true}]}}