{"id":916,"date":"2023-11-28T17:06:29","date_gmt":"2023-11-28T14:06:29","guid":{"rendered":"https:\/\/www.nobeltarim.com\/?post_type=product&#038;p=916"},"modified":"2023-11-28T17:06:30","modified_gmt":"2023-11-28T14:06:30","slug":"farmagon-2","status":"publish","type":"product","link":"https:\/\/www.nobeltarim.com\/?product=farmagon-2&lang=fr","title":{"rendered":"Farmagon"},"content":{"rendered":"<p><strong>Farmagon<\/strong><\/p>\n<p><strong>ENGRAIS ORGANIQUE LIQUIDE CONTENANT DES ACIDES AMIN\u00c9S D&#8217;ORIGINE V\u00c9G\u00c9TALE<\/strong><\/p>\n<p><strong>Contenu garanti<\/strong><\/p>\n<p>Mati\u00e8re organique totale :\u00a0\u00a0\u00a0\u00a0\u00a0\u00a0\u00a0\u00a0\u00a0\u00a0\u00a0\u00a0\u00a0\u00a0\u00a0\u00a0\u00a0\u00a0\u00a0\u00a0\u00a0\u00a0\u00a0\u00a0\u00a0\u00a0\u00a0\u00a0\u00a0\u00a0\u00a0\u00a0\u00a0\u00a0\u00a0 \u00a040 % p\/p<\/p>\n<p>Carbone organique (C) : \u00a0\u00a0\u00a0\u00a0\u00a0\u00a0\u00a0\u00a0\u00a0\u00a0\u00a0\u00a0\u00a0\u00a0\u00a0\u00a0\u00a0\u00a0\u00a0\u00a0\u00a0\u00a0\u00a0\u00a0\u00a0\u00a0\u00a0\u00a0\u00a0\u00a0\u00a0\u00a0\u00a0\u00a0\u00a0\u00a0\u00a0\u00a016% p\/p<\/p>\n<p>Azote organique : \u00a0\u00a0\u00a0\u00a0\u00a0\u00a0\u00a0\u00a0\u00a0\u00a0\u00a0\u00a0\u00a0\u00a0\u00a0\u00a0\u00a0\u00a0\u00a0\u00a0\u00a0\u00a0\u00a0\u00a0\u00a0\u00a0\u00a0\u00a0\u00a0\u00a0\u00a0\u00a0\u00a0\u00a0\u00a0\u00a0\u00a0\u00a0\u00a0\u00a0\u00a0\u00a0\u00a0\u00a0\u00a0\u00a0\u00a0\u00a0\u00a03% p\/p<\/p>\n<p>Acides amin\u00e9s libres\u00a0:\u00a0\u00a0\u00a0\u00a0\u00a0\u00a0\u00a0\u00a0\u00a0 \u00a0\u00a0\u00a0\u00a0\u00a0\u00a0\u00a0\u00a0\u00a0\u00a0\u00a0\u00a0\u00a0\u00a0\u00a0\u00a0\u00a0\u00a0\u00a0\u00a0\u00a0\u00a0\u00a0\u00a0\u00a0\u00a0\u00a0\u00a0\u00a0\u00a0\u00a0\u00a0\u00a0\u00a05 % p\/p<\/p>\n<p>Oxyde de potassium (KO) soluble dans l&#8217;eau : \u00a0\u00a0\u00a0\u00a0\u00a04% p\/p<\/p>\n<p>Ph entre (4,3-6,3)<\/p>\n<p><strong>Caract\u00e9ristiques :<\/strong><\/p>\n<p><strong>Farmagon<\/strong> est un produit de qualit\u00e9 sup\u00e9rieure fabriqu\u00e9 \u00e0 partir des mati\u00e8res premi\u00e8res organiques et des acides amin\u00e9s les plus purs et de la plus haute qualit\u00e9. Il est con\u00e7u pour \u00eatre utilis\u00e9 sur toutes sortes de plantes.<\/p>\n<p><strong>Effets :<\/strong><\/p>\n<p>Acc\u00e9l\u00e8re la croissance des plantes. Augmente la taille et la qualit\u00e9 des fruits. Prot\u00e8ge la plante contre les conditions de stress s\u00e9v\u00e8res. Enrichit le sol en mati\u00e8re organique. Il ch\u00e9late et facilite l&#8217;absorption des nutriments disponibles dans le sol dont la plante ne peut pas b\u00e9n\u00e9ficier directement. Am\u00e9liore l&#8217;absorption et l&#8217;efficacit\u00e9 des engrais.<\/p>\n<p><strong>Dosage d&#8217;utilisation :<\/strong><\/p>\n<p>La dose d&#8217;utilisation g\u00e9n\u00e9rale est de 1 litre par d\u00e9care avec une irrigation goutte \u00e0 goutte. En application foliaire, il s&#8217;utilise \u00e0 la dose de 200-250 ml pour 100 Lt.<\/p>\n<p><strong>Condition de miscibilit\u00e9 :<\/strong><\/p>\n<p>Il peut \u00eatre m\u00e9lang\u00e9 \u00e0 de nombreux autres produits nutritionnels des plantes et pesticides, \u00e0 l&#8217;exception de la bouillie bordelaise et des m\u00e9dicaments alcalins.<\/p>\n<table>\n<tbody>\n<tr>\n<td width=\"248\">NOM DU PRODUIT<\/td>\n<td width=\"137\">IRRIGATION GOUTTE \u00c0 GOUTTE (L\/dekar)<\/td>\n<td width=\"104\">Foliar<\/p>\n<p>(ml\/100 L)<\/td>\n<\/tr>\n<tr>\n<td width=\"248\">Tomate, poivron, concombre, aubergine, melon, fraise, past\u00e8que, pomme de terre, oignon, ail, laitue, \u00e9pinard, chou, carotte, courgette, chou-fleur<\/td>\n<td width=\"137\">&nbsp;<\/p>\n<p>0,5<\/td>\n<td width=\"104\">&nbsp;<\/p>\n<p>150-200<\/td>\n<\/tr>\n<tr>\n<td width=\"248\">Pomme, poire, kiwi, orange, citron, mandarine, p\u00eache, prune, abricot<\/td>\n<td width=\"137\">1<\/td>\n<td width=\"104\">200-250<\/td>\n<\/tr>\n<tr>\n<td width=\"248\">Tournesol, c\u00e9r\u00e9ales, betterave \u00e0 sucre, tabac<\/td>\n<td width=\"137\">1<\/td>\n<td width=\"104\">200-250<\/td>\n<\/tr>\n<tr>\n<td width=\"248\">Tous les groupes de fleurs<\/td>\n<td width=\"137\">0,5<\/td>\n<td width=\"104\">200-250<\/td>\n<\/tr>\n<\/tbody>\n<\/table>\n<p>&nbsp;<\/p>\n<p>&nbsp;<\/p>\n<p>&nbsp;<\/p>\n<p>&nbsp;<\/p>\n<p>&nbsp;<\/p>\n<p>&nbsp;<\/p>\n<p>&nbsp;<\/p>\n","protected":false},"excerpt":{"rendered":"<h3><strong>B\u0130TK\u0130SEL MEN\u015eEL\u0130 AM\u0130NOAS\u0130T \u0130\u00c7EREN SIVI ORGAN\u0130K G\u00dcBRE\u00a0<\/strong><\/h3>\n","protected":false},"featured_media":861,"template":"","meta":[],"product_cat":[171],"product_tag":[],"_links":{"self":[{"href":"https:\/\/www.nobeltarim.com\/index.php?rest_route=\/wp\/v2\/product\/916"}],"collection":[{"href":"https:\/\/www.nobeltarim.com\/index.php?rest_route=\/wp\/v2\/product"}],"about":[{"href":"https:\/\/www.nobeltarim.com\/index.php?rest_route=\/wp\/v2\/types\/product"}],"wp:featuredmedia":[{"embeddable":true,"href":"https:\/\/www.nobeltarim.com\/index.php?rest_route=\/wp\/v2\/media\/861"}],"wp:attachment":[{"href":"https:\/\/www.nobeltarim.com\/index.php?rest_route=%2Fwp%2Fv2%2Fmedia&parent=916"}],"wp:term":[{"taxonomy":"product_cat","embeddable":true,"href":"https:\/\/www.nobeltarim.com\/index.php?rest_route=%2Fwp%2Fv2%2Fproduct_cat&post=916"},{"taxonomy":"product_tag","embeddable":true,"href":"https:\/\/www.nobeltarim.com\/index.php?rest_route=%2Fwp%2Fv2%2Fproduct_tag&post=916"}],"curies":[{"name":"wp","href":"https:\/\/api.w.org\/{rel}","templated":true}]}}