{"id":912,"date":"2023-11-28T17:03:15","date_gmt":"2023-11-28T14:03:15","guid":{"rendered":"https:\/\/www.nobeltarim.com\/?post_type=product&#038;p=912"},"modified":"2023-11-28T17:03:16","modified_gmt":"2023-11-28T14:03:16","slug":"silo-guard-4","status":"publish","type":"product","link":"https:\/\/www.nobeltarim.com\/?product=silo-guard-4&lang=ru","title":{"rendered":"SILO-GUARD"},"content":{"rendered":"<p><strong>SILO-GUARD<\/strong><\/p>\n<p><strong>\u0420\u0410\u0421\u0422\u0412\u041e\u0420\u0418\u041c\u042b\u0419 \u0421\u0418\u041b\u0418\u041a\u0410\u0422\u041d\u042b\u0419 \u041f\u0420\u041e\u0414\u0423\u041a\u0422 \u0421\u0418\u041b\u0418\u041a\u041e\u041d<\/strong><\/p>\n<p><strong>\u00a0<\/strong><\/p>\n<p><strong>\u0413\u0410\u0420\u0410\u041d\u0422\u0418\u0420\u041e\u0412\u0410\u041d\u041d\u041e\u0415 \u0421\u041e\u0414\u0415\u0420\u0416\u0410\u041d\u0418\u0415<\/strong> \u00a0\u00a0\u00a0\u00a0\u00a0\u00a0\u00a0\u00a0\u00a0<strong>w\/w <\/strong><\/p>\n<p>\u041a\u0440\u0435\u043c\u043d\u0438\u0439 (Si)\u2026\u2026\u2026\u2026\u2026\u2026\u2026\u2026\u2026\u2026\u2026\u2026\u2026\u2026\u2026\u2026. %7.5<\/p>\n<p>\u0412\u043d\u0435\u0448\u043d\u0438\u0439 \u0432\u0438\u0434 \u041f\u0440\u043e\u0437\u0440\u0430\u0447\u043d\u0430\u044f \u0436\u0438\u0434\u043a\u043e\u0441\u0442\u044c<\/p>\n<p><strong>\u0421\u043f\u043e\u0441\u043e\u0431 \u043f\u0440\u0438\u043c\u0435\u043d\u0435\u043d\u0438\u044f:<\/strong><\/p>\n<p>Silo-guard \u043c\u043e\u0436\u043d\u043e \u0431\u0435\u0437\u043e\u043f\u0430\u0441\u043d\u043e \u0438\u0441\u043f\u043e\u043b\u044c\u0437\u043e\u0432\u0430\u0442\u044c \u043d\u0430 \u0432\u0441\u0435\u0445 \u0440\u0430\u0441\u0442\u0435\u043d\u0438\u044f\u0445. Silo-guard \u043f\u043e\u043a\u0440\u044b\u0432\u0430\u0435\u0442 \u0432\u0441\u044e \u043f\u043e\u0432\u0435\u0440\u0445\u043d\u043e\u0441\u0442\u044c \u0440\u0430\u0441\u0442\u0435\u043d\u0438\u044f \u043f\u0440\u043e\u0437\u0440\u0430\u0447\u043d\u044b\u043c \u0441\u043b\u043e\u0435\u043c \u043f\u043b\u0435\u043d\u043a\u0438;<\/p>\n<p>1-) \u041f\u0440\u0435\u0434\u043e\u0442\u0432\u0440\u0430\u0449\u0430\u0435\u0442 \u043f\u043e\u0442\u0435\u0440\u044e \u0432\u043e\u0434\u044b \u0447\u0435\u0440\u0435\u0437 \u0442\u0440\u0430\u043d\u0441\u043f\u0438\u0440\u0430\u0446\u0438\u044e \u043a\u0443\u0442\u0438\u043a\u0443\u043b\u044b \u0438 \u0443\u0441\u0442\u0440\u0430\u043d\u044f\u0435\u0442 \u0441\u0432\u044f\u0437\u0430\u043d\u043d\u044b\u0435 \u0441 \u044d\u0442\u0438\u043c \u043f\u0440\u043e\u0431\u043b\u0435\u043c\u044b (\u043d\u0430\u043f\u0440\u0438\u043c\u0435\u0440, \u0440\u0430\u0441\u0442\u0440\u0435\u0441\u043a\u0438\u0432\u0430\u043d\u0438\u0435).<\/p>\n<p>2-) \u041f\u0440\u0435\u0434\u043e\u0442\u0432\u0440\u0430\u0449\u0430\u0435\u0442 \u0441\u043e\u043b\u043d\u0435\u0447\u043d\u044b\u0435 \u043e\u0436\u043e\u0433\u0438, \u043f\u0440\u0435\u043b\u043e\u043c\u043b\u044f\u044f \u0438 \u043e\u0442\u0440\u0430\u0436\u0430\u044f \u0441\u043e\u043b\u043d\u0435\u0447\u043d\u044b\u0435 \u043b\u0443\u0447\u0438 \u043f\u043e\u0434\u043e\u0431\u043d\u043e \u0437\u0435\u0440\u043a\u0430\u043b\u0443.<\/p>\n<p>3-) \u041f\u043e\u0432\u044b\u0448\u0430\u0435\u0442 \u0443\u0441\u0442\u043e\u0439\u0447\u0438\u0432\u043e\u0441\u0442\u044c \u0438 \u043c\u0435\u0445\u0430\u043d\u0438\u0447\u0435\u0441\u043a\u0443\u044e \u043f\u0440\u043e\u0447\u043d\u043e\u0441\u0442\u044c \u0440\u0430\u0441\u0442\u0435\u043d\u0438\u0439 \u043a \u0432\u043d\u0435\u0448\u043d\u0438\u043c \u043f\u0430\u0442\u043e\u0433\u0435\u043d\u0430\u043c. \u0421\u0438\u043b\u043e-\u0413\u0430\u0440\u0434 \u043c\u043e\u0436\u043d\u043e \u0441\u043c\u0435\u0448\u0438\u0432\u0430\u0442\u044c \u0441\u043e \u043c\u043d\u043e\u0433\u0438\u043c\u0438 \u0444\u0443\u043d\u0433\u0438\u0446\u0438\u0434\u0430\u043c\u0438 \u0438 \u0438\u043d\u0441\u0435\u043a\u0442\u0438\u0446\u0438\u0434\u0430\u043c\u0438.<\/p>\n<p><strong>\u041e\u0431\u0449\u0435\u0435 \u043f\u0440\u0438\u043c\u0435\u043d\u0435\u043d\u0438\u0435 \u0414\u043e\u0437\u0438\u0440\u043e\u0432\u043a\u0430:<\/strong><\/p>\n<p>&#8211; 150-200 \u043c\u043b \u043d\u0430 100 \u043b \u0432\u043e\u0434\u044b \u043f\u043e \u0432\u0441\u0435\u043c \u0440\u0430\u0441\u0442\u0435\u043d\u0438\u044f\u043c.<\/p>\n<p>&#8211; \u0412 \u043f\u0435\u0440\u0438\u043e\u0434 \u0440\u0430\u0437\u0432\u0438\u0442\u0438\u044f \u043f\u043b\u043e\u0434\u043e\u0432 \u043f\u0440\u043e\u0432\u043e\u0434\u044f\u0442 2 &#8211; 3 \u043f\u0440\u0438\u043c\u0435\u043d\u0435\u043d\u0438\u044f.<\/p>\n","protected":false},"excerpt":{"rendered":"<h3><strong>\u00c7\u00d6Z\u00dcNEB\u0130L\u0130R S\u0130L\u0130KAT \u00dcR\u00dcN\u00dc<\/strong><\/h3>\n","protected":false},"featured_media":549,"template":"","meta":[],"product_cat":[175],"product_tag":[],"_links":{"self":[{"href":"https:\/\/www.nobeltarim.com\/index.php?rest_route=\/wp\/v2\/product\/912"}],"collection":[{"href":"https:\/\/www.nobeltarim.com\/index.php?rest_route=\/wp\/v2\/product"}],"about":[{"href":"https:\/\/www.nobeltarim.com\/index.php?rest_route=\/wp\/v2\/types\/product"}],"wp:featuredmedia":[{"embeddable":true,"href":"https:\/\/www.nobeltarim.com\/index.php?rest_route=\/wp\/v2\/media\/549"}],"wp:attachment":[{"href":"https:\/\/www.nobeltarim.com\/index.php?rest_route=%2Fwp%2Fv2%2Fmedia&parent=912"}],"wp:term":[{"taxonomy":"product_cat","embeddable":true,"href":"https:\/\/www.nobeltarim.com\/index.php?rest_route=%2Fwp%2Fv2%2Fproduct_cat&post=912"},{"taxonomy":"product_tag","embeddable":true,"href":"https:\/\/www.nobeltarim.com\/index.php?rest_route=%2Fwp%2Fv2%2Fproduct_tag&post=912"}],"curies":[{"name":"wp","href":"https:\/\/api.w.org\/{rel}","templated":true}]}}