{"id":911,"date":"2023-11-28T17:02:58","date_gmt":"2023-11-28T14:02:58","guid":{"rendered":"https:\/\/www.nobeltarim.com\/?post_type=product&#038;p=911"},"modified":"2023-11-28T17:02:59","modified_gmt":"2023-11-28T14:02:59","slug":"silo-guard-3","status":"publish","type":"product","link":"https:\/\/www.nobeltarim.com\/?product=silo-guard-3&lang=ar","title":{"rendered":"SILO-GUARD"},"content":{"rendered":"<p><strong>SILO-GUARD<\/strong><\/p>\n<p><strong>\u0645\u0646\u062a\u062c \u0633\u064a\u0644\u064a\u0643\u0627\u062a \u0642\u0627\u0628\u0644 \u0644\u0644\u0630\u0648\u0628\u0627\u0646<\/strong><\/p>\n<p><strong>\u0633\u064a\u0644\u064a\u0643\u0648\u0646<\/strong><\/p>\n<p><strong>\u0627\u0644\u0645\u062d\u062a\u0648\u0649 \u0627\u0644\u0645\u0636\u0645\u0648\u0646<\/strong><strong>: <\/strong><strong>\u00a0\u00a0\u00a0\u00a0\u00a0\u00a0\u00a0\u00a0\u00a0\u00a0\u00a0\u00a0\u00a0\u00a0\u00a0\u00a0\u00a0\u00a0\u00a0\u00a0\u00a0\u00a0\u00a0\u00a0\u00a0\u00a0\u00a0\u00a0\u00a0\u00a0\u00a0\u00a0\u00a0\u00a0\u00a0\u00a0\u00a0\u00a0\u00a0\u00a0\u00a0\u00a0\u00a0\u0648\u0632\u0646 \/ \u0648\u0632\u0646<\/strong><\/p>\n<p>\u0627\u0644\u0633\u064a\u0644\u064a\u0643\u0648\u0646 (Si)<strong> :<\/strong>\u00a0\u00a0\u00a0\u00a0\u00a0\u00a0\u00a0\u00a0\u00a0\u00a0\u00a0\u00a0\u00a0\u00a0\u00a0\u00a0\u00a0\u00a0\u00a0\u00a0\u00a0\u00a0\u00a0\u00a0\u00a0\u00a0\u00a0\u00a0\u00a0\u00a0\u00a0\u00a0\u00a0\u00a0\u00a0\u00a0\u00a0\u00a0\u00a0\u00a0\u00a0\u00a0\u00a0\u00a0\u00a0\u00a0\u00a0\u00a0\u00a0\u00a0\u00a0 7.5\u066a<\/p>\n<p>\u0645\u0638\u0647\u0631: \u00a0\u0633\u0627\u0626\u0644 \u0634\u0641\u0627\u0641<\/p>\n<p>&nbsp;<\/p>\n<p><strong>\u0637\u0631\u064a\u0642\u0629 \u0627\u0644\u0627\u0633\u062a\u0639\u0645\u0627\u0644:<\/strong><\/p>\n<p>\u064a\u0639\u062a\u0628\u0631 SILO-GUARD \u0622\u0645\u0646\u064b\u0627 \u0644\u0644\u0627\u0633\u062a\u062e\u062f\u0627\u0645 \u0639\u0644\u0649 \u062c\u0645\u064a\u0639 \u0627\u0644\u0646\u0628\u0627\u062a\u0627\u062a. \u064a\u063a\u0637\u064a SILO-GUARD \u0643\u0627\u0645\u0644 \u0633\u0637\u062d \u0627\u0644\u0646\u0628\u0627\u062a \u0628\u0637\u0628\u0642\u0629 \u0634\u0641\u0627\u0641\u0629\u061b<\/p>\n<p>1-) \u064a\u0645\u0646\u0639 \u0641\u0642\u062f\u0627\u0646 \u0627\u0644\u0645\u0627\u0621 \u0639\u0646 \u0637\u0631\u064a\u0642 \u0639\u0645\u0644\u064a\u0629 \u0627\u0644\u0646\u062a\u062d \u0648\u064a\u0632\u064a\u0644 \u0627\u0644\u0645\u0634\u0627\u0643\u0644 \u0627\u0644\u0645\u0631\u062a\u0628\u0637\u0629 \u0628\u0647\u0627 (\u0645\u062b\u0644 \u0627\u0644\u062a\u0634\u0642\u0642\u0627\u062a).<\/p>\n<p>2-) \u064a\u0645\u0646\u0639 \u062d\u0631\u0648\u0642 \u0627\u0644\u0634\u0645\u0633 \u0639\u0646 \u0637\u0631\u064a\u0642 \u0627\u0646\u0643\u0633\u0627\u0631 \u0648\u0639\u0643\u0633 \u0623\u0634\u0639\u0629 \u0627\u0644\u0634\u0645\u0633 \u0645\u062b\u0644 \u0627\u0644\u0645\u0631\u0622\u0629 \u0627\u0644\u0632\u062c\u0627\u062c\u064a\u0629.<\/p>\n<p>3-) \u064a\u0639\u0645\u0644 \u0639\u0644\u0649 \u0632\u064a\u0627\u062f\u0629 \u0627\u0644\u0635\u0644\u0627\u0628\u0629 \u0627\u0644\u0645\u064a\u0643\u0627\u0646\u064a\u0643\u064a\u0629 \u0644\u0644\u0646\u0628\u0627\u062a\u0627\u062a \u0648 \u0645\u0642\u0627\u0648\u0645\u0629 \u0645\u0633\u0628\u0628\u0627\u062a \u0627\u0644\u0623\u0645\u0631\u0627\u0636 \u0627\u0644\u062e\u0627\u0631\u062c\u064a\u0629. \u064a\u0645\u0643\u0646 \u062e\u0644\u0637 Silo-guard \u0645\u0639 \u0627\u0644\u0639\u062f\u064a\u062f \u0645\u0646 \u0645\u0628\u064a\u062f\u0627\u062a \u0627\u0644\u0641\u0637\u0631\u064a\u0627\u062a \u0648\u0627\u0644\u0645\u0628\u064a\u062f\u0627\u062a \u0627\u0644\u062d\u0634\u0631\u064a\u0629.<\/p>\n<p>&nbsp;<\/p>\n<p><strong>\u062c\u0631\u0639\u0629 \u0627\u0644\u062a\u0637\u0628\u064a\u0642 \u0627\u0644\u0639\u0627\u0645\u0629:<\/strong><\/p>\n<p>&#8211; 150-200 \u0645\u0644 \u0644\u0643\u0644 100 \u0644\u062a\u0631 \u0645\u0627\u0621 \u0644\u062c\u0645\u064a\u0639 \u0627\u0644\u0646\u0628\u0627\u062a\u0627\u062a.<\/p>\n<p>&#8211; 2 \u0625\u0644\u0649 3 \u0645\u0631\u0627\u062a \u062e\u0644\u0627\u0644 \u0641\u062a\u0631\u0629 \u0646\u0645\u0648 \u0627\u0644\u062b\u0645\u0627\u0631.<\/p>\n<p>&nbsp;<\/p>\n","protected":false},"excerpt":{"rendered":"<h3><strong>\u00c7\u00d6Z\u00dcNEB\u0130L\u0130R S\u0130L\u0130KAT \u00dcR\u00dcN\u00dc<\/strong><\/h3>\n","protected":false},"featured_media":549,"template":"","meta":[],"product_cat":[182],"product_tag":[],"_links":{"self":[{"href":"https:\/\/www.nobeltarim.com\/index.php?rest_route=\/wp\/v2\/product\/911"}],"collection":[{"href":"https:\/\/www.nobeltarim.com\/index.php?rest_route=\/wp\/v2\/product"}],"about":[{"href":"https:\/\/www.nobeltarim.com\/index.php?rest_route=\/wp\/v2\/types\/product"}],"wp:featuredmedia":[{"embeddable":true,"href":"https:\/\/www.nobeltarim.com\/index.php?rest_route=\/wp\/v2\/media\/549"}],"wp:attachment":[{"href":"https:\/\/www.nobeltarim.com\/index.php?rest_route=%2Fwp%2Fv2%2Fmedia&parent=911"}],"wp:term":[{"taxonomy":"product_cat","embeddable":true,"href":"https:\/\/www.nobeltarim.com\/index.php?rest_route=%2Fwp%2Fv2%2Fproduct_cat&post=911"},{"taxonomy":"product_tag","embeddable":true,"href":"https:\/\/www.nobeltarim.com\/index.php?rest_route=%2Fwp%2Fv2%2Fproduct_tag&post=911"}],"curies":[{"name":"wp","href":"https:\/\/api.w.org\/{rel}","templated":true}]}}