{"id":905,"date":"2023-11-28T16:58:50","date_gmt":"2023-11-28T13:58:50","guid":{"rendered":"https:\/\/www.nobeltarim.com\/?post_type=product&#038;p=905"},"modified":"2023-11-28T16:58:50","modified_gmt":"2023-11-28T13:58:50","slug":"cleandioxide-3","status":"publish","type":"product","link":"https:\/\/www.nobeltarim.com\/?product=cleandioxide-3&lang=fr","title":{"rendered":"CleanDioxide"},"content":{"rendered":"<p><strong>CleanDioxide<\/strong><\/p>\n<p><strong>SET de pr<\/strong><strong>\u00e9<\/strong><strong>paration <\/strong><strong>du ClO\u2082 et R\u00e9gulateur du PH<\/strong><\/p>\n<p><strong>\u00a0<\/strong><\/p>\n<p><strong>CARACT\u00c9RISTIQUES<\/strong><\/p>\n<p>-La production de dioxyde de chlore la plus fra\u00eeche et la plus efficace gr\u00e2ce \u00e0 deux composants identiques.<\/p>\n<p>-Dur\u00e9e de conservation illimit\u00e9e gr\u00e2ce \u00e0 la s\u00e9paration de ses deux composants.<\/p>\n<p>-Possibilit\u00e9 d&#8217;\u00eatre utilis\u00e9 par voie foliaire et avec de nombreux pesticides.<\/p>\n<p>-Z\u00e9ro r\u00e9sidu dans la plante et le sol (le dioxyde de chlore quitte l&#8217;environnement sous forme de gaz apr\u00e8s avoir accompli sa t\u00e2che).<\/p>\n<p><strong>PR\u00c9PARATION DU PRODUIT<\/strong><\/p>\n<p>Pour pr\u00e9parer le produit, on verse lentement dans cette solution l&#8217;activateur fourni avec la solution principale et on attend 10 minutes que la r\u00e9action soit compl\u00e8te. Ensuite, fermez le couvercle du produit et secouez-le plusieurs fois, jusqu&#8217;\u00e0 ce que la couleur jaune clair apparaisse, qui est la couleur caract\u00e9ristique du ClO2.<\/p>\n<p>Important : Utiliser la solution m\u00e8re et l&#8217;activateur apr\u00e8s avoir m\u00e9lang\u00e9 et form\u00e9 un produit jaune clair comme d\u00e9crit ci-dessus et le faire dans l&#8217;emballage du produit. Ne jetez pas les deux produits directement dans la cuve du pulv\u00e9risateur. Sinon, l&#8217;effet escompt\u00e9 ne se produira pas.<\/p>\n<p>Stocker le produit restant apr\u00e8s utilisation dans un endroit frais et sec, \u00e0 l&#8217;abri du soleil.<\/p>\n<p><strong>UTILISATION DU PRODUIT<\/strong><\/p>\n<p>Avant de pr\u00e9parer le produit jaun\u00e2tre clair, cet ensemble a une dur\u00e9e d&#8217;utilisation ind\u00e9termin\u00e9e. Apr\u00e8s la pr\u00e9paration du produit, celui-ci doit \u00eatre consomm\u00e9 dans les deux mois au plus tard. Il s&#8217;utilise \u00e0 raison de 300 ml pour 100 litres d&#8217;eau de pulv\u00e9risation. Il r\u00e9duit ainsi le pH de l&#8217;eau de pulv\u00e9risation et assure une plus grande efficacit\u00e9 des m\u00e9dicaments. Il est utilis\u00e9 \u00e0 raison de 2 \u00e0 3 litres par d\u00e9care avec un syst\u00e8me d&#8217;irrigation au goutte-\u00e0-goutte. Pour la d\u00e9sinfection du sol, on utilise jusqu&#8217;\u00e0 10-20 litres par d\u00e9care pendant la pr\u00e9paration du sol. Avant l&#8217;application sur le sol, si l&#8217;environnement est sec et sans eau, on ne donne que de l&#8217;eau pendant un certain temps, puis du CleanDioxide. Une fois l&#8217;application termin\u00e9e, une petite quantit\u00e9 d&#8217;eau sera administr\u00e9e pour \u00e9viter que le produit ne reste dans le syst\u00e8me d&#8217;irrigation.<\/p>\n<p>&nbsp;<\/p>\n","protected":false},"excerpt":{"rendered":"<h3><strong>PH D\u00dcZENLEY\u0130C\u0130 VE <\/strong><strong>ClO\u2082 HAZIRLAMA SET\u0130<\/strong><\/h3>\n","protected":false},"featured_media":515,"template":"","meta":[],"product_cat":[179],"product_tag":[],"_links":{"self":[{"href":"https:\/\/www.nobeltarim.com\/index.php?rest_route=\/wp\/v2\/product\/905"}],"collection":[{"href":"https:\/\/www.nobeltarim.com\/index.php?rest_route=\/wp\/v2\/product"}],"about":[{"href":"https:\/\/www.nobeltarim.com\/index.php?rest_route=\/wp\/v2\/types\/product"}],"wp:featuredmedia":[{"embeddable":true,"href":"https:\/\/www.nobeltarim.com\/index.php?rest_route=\/wp\/v2\/media\/515"}],"wp:attachment":[{"href":"https:\/\/www.nobeltarim.com\/index.php?rest_route=%2Fwp%2Fv2%2Fmedia&parent=905"}],"wp:term":[{"taxonomy":"product_cat","embeddable":true,"href":"https:\/\/www.nobeltarim.com\/index.php?rest_route=%2Fwp%2Fv2%2Fproduct_cat&post=905"},{"taxonomy":"product_tag","embeddable":true,"href":"https:\/\/www.nobeltarim.com\/index.php?rest_route=%2Fwp%2Fv2%2Fproduct_tag&post=905"}],"curies":[{"name":"wp","href":"https:\/\/api.w.org\/{rel}","templated":true}]}}