{"id":896,"date":"2023-11-28T16:53:43","date_gmt":"2023-11-28T13:53:43","guid":{"rendered":"https:\/\/www.nobeltarim.com\/?post_type=product&#038;p=896"},"modified":"2023-11-28T16:53:44","modified_gmt":"2023-11-28T13:53:44","slug":"fumica-3","status":"publish","type":"product","link":"https:\/\/www.nobeltarim.com\/?product=fumica-3&lang=fr","title":{"rendered":"FUMICA"},"content":{"rendered":"<p><strong>FUMICA<\/strong><\/p>\n<p>Applicateur de pesticides &#8211; Fumigateur<\/p>\n<p><strong>Fumica<\/strong> est un g\u00e9n\u00e9rateur de dioxyde de carbone et un produit \u00e0 base de carbone qui transforme de nombreux produits en gaz sans endommager sa propre structure. La bo\u00eete de 1 kg de Fumica a la capacit\u00e9 de propager le gaz sur au moins 1000 m\u00b2 (h=4 mt).<\/p>\n<p>&nbsp;<\/p>\n<p>Application de Fumica :<\/p>\n<p>\u00c0 l&#8217;endroit o\u00f9 Fumica sera appliqu\u00e9, tous les animaux vivants (ruches, animaux domestiques, etc.), s&#8217;il y en a, doivent \u00eatre sortis et toute ventilation doit \u00eatre arr\u00eat\u00e9e. La bo\u00eete de Fumica doit \u00eatre plac\u00e9e \u00e0 peu pr\u00e8s au centre de la zone d&#8217;application. apr\u00e8s aoire ouvrir le couvercle de Fumica , retirez le tube situ\u00e9 au centre.\u00a0\u00a0 placez le produit \u00e0 gaz\u00e9ifier dans la cavit\u00e9 ainsi form\u00e9e. puit placez la tige d&#8217;allumage\u00a0 dans le Fumica de mani\u00e8re \u00e0 ce qu&#8217;elle ne touche pas le produit et\u00a0\u00a0 allumez le \u00e0 l&#8217;aide d&#8217;un briquet. Une fois que le gaz commence \u00e0 sortir, quittez la zone d&#8217;application.<\/p>\n<p><strong>Points \u00e0 prendre en consid\u00e9ration :<\/strong><\/p>\n<p>&#8211; Le Fumica transforme en gaz 120 ml de produit liquide ou 60 g de produit en poudre.<\/p>\n<p>&#8211; Il peut \u00eatre m\u00e9lang\u00e9 avec 2 formulations ou plus sans d\u00e9passer la capacit\u00e9 de la cavit\u00e9.<\/p>\n<p>&#8211; Ne l&#8217;utilisez pas en temps venteux.<\/p>\n<p>&#8211; Le meilleur moment pour l&#8217;application est l&#8217;apr\u00e8s-midi, lorsque la temp\u00e9rature baisse consid\u00e9rablement . Garder la zone d&#8217;application ferm\u00e9e jusqu&#8217;au lendemain matin. Il est recommand\u00e9 de bien ventiler la zone trait\u00e9e t\u00f4t le matin.<\/p>\n<p>&#8211; \u00c9tant donn\u00e9 qu&#8217;une chaleur \u00e9lev\u00e9e sera g\u00e9n\u00e9r\u00e9e au fond de la bo\u00eete lors de l&#8217;application de Fumica, ne la placez pas directement sur des surfaces inflammables telles que le plastique, etc.<\/p>\n<p>&#8211; Appliquer Fumica \u00e0 une distance d&#8217;au moins 2 \u00e0 3 m\u00e8tres des mat\u00e9riaux susceptibles de s&#8217;enflammer avec des \u00e9tincelles.<\/p>\n<p>&#8211; Ne d\u00e9t\u00e9riorez pas pas la structure de la cavit\u00e9 d&#8217;origine en divisant Fumica \u00a0pour l\u2019appliquer sur deux ou trois petites surfaces.<\/p>\n","protected":false},"excerpt":{"rendered":"<h3><strong>Pestisit Aplikat\u00f6r\u00fc \u2013 Fumigator <\/strong><\/h3>\n","protected":false},"featured_media":636,"template":"","meta":[],"product_cat":[179],"product_tag":[],"_links":{"self":[{"href":"https:\/\/www.nobeltarim.com\/index.php?rest_route=\/wp\/v2\/product\/896"}],"collection":[{"href":"https:\/\/www.nobeltarim.com\/index.php?rest_route=\/wp\/v2\/product"}],"about":[{"href":"https:\/\/www.nobeltarim.com\/index.php?rest_route=\/wp\/v2\/types\/product"}],"wp:featuredmedia":[{"embeddable":true,"href":"https:\/\/www.nobeltarim.com\/index.php?rest_route=\/wp\/v2\/media\/636"}],"wp:attachment":[{"href":"https:\/\/www.nobeltarim.com\/index.php?rest_route=%2Fwp%2Fv2%2Fmedia&parent=896"}],"wp:term":[{"taxonomy":"product_cat","embeddable":true,"href":"https:\/\/www.nobeltarim.com\/index.php?rest_route=%2Fwp%2Fv2%2Fproduct_cat&post=896"},{"taxonomy":"product_tag","embeddable":true,"href":"https:\/\/www.nobeltarim.com\/index.php?rest_route=%2Fwp%2Fv2%2Fproduct_tag&post=896"}],"curies":[{"name":"wp","href":"https:\/\/api.w.org\/{rel}","templated":true}]}}