{"id":838,"date":"2023-10-17T19:09:55","date_gmt":"2023-10-17T19:09:55","guid":{"rendered":"http:\/\/www.nobeltarim.com\/?post_type=product&#038;p=838"},"modified":"2025-09-09T16:11:43","modified_gmt":"2025-09-09T13:11:43","slug":"eversol-420","status":"publish","type":"product","link":"https:\/\/www.nobeltarim.com\/?product=eversol-420","title":{"rendered":"EVERSOL 420"},"content":{"rendered":"<p><strong>EVERSOL 420<\/strong><\/p>\n<p><strong>POTASYUM T\u0130YOS\u00dcLFAT<\/strong><\/p>\n<p>&nbsp;<\/p>\n<p><strong>\u00a0<\/strong><\/p>\n<p><strong>Garanti Edilen \u0130\u00e7erik:\u00a0\u00a0\u00a0\u00a0\u00a0\u00a0\u00a0\u00a0 \u00a0\u00a0\u00a0\u00a0\u00a0\u00a0\u00a0\u00a0\u00a0\u00a0\u00a0\u00a0\u00a0\u00a0\u00a0\u00a0\u00a0\u00a0\u00a0\u00a0\u00a0\u00a0\u00a0\u00a0\u00a0\u00a0\u00a0\u00a0\u00a0\u00a0w\/w<\/strong><\/p>\n<p><strong>\u00a0<\/strong>Suda \u00c7\u00f6z\u00fcn\u00fcr Potasyum Oksit (K\u20820)\u00a0\u00a0\u00a0\u00a0\u00a0\u00a0\u00a0\u00a0 \u00a0\u00a0\u00a0\u00a0\u00a0\u00a0\u00a0\u00a0%25<\/p>\n<p>Suda \u00c7\u00f6z\u00fcn\u00fcr K\u00fck\u00fcrt Trioksit (SO\u2083)\u00a0\u00a0 \u00a0\u00a0\u00a0\u00a0\u00a0\u00a0\u00a0\u00a0\u00a0\u00a0\u00a0\u00a0\u00a0\u00a0%42<\/p>\n<p>pH \u2026\u2026\u2026\u2026\u2026\u2026\u2026\u2026\u2026\u2026\u2026\u2026\u2026\u2026\u2026\u20266.5 &#8211; 8.5<\/p>\n<p>Yo\u011funluk (D) \u2026\u2026\u2026\u2026\u2026\u2026\u2026\u2026\u2026\u2026\u2026\u2026\u2026.1.47<\/p>\n<p>G\u00f6r\u00fcn\u00fcm: \u015eeffaf, Berrak, S\u0131v\u0131<\/p>\n<p>Koku: Kokusuz<\/p>\n<p>&nbsp;<\/p>\n<p>&nbsp;<\/p>\n<p><strong>KARI\u015eAB\u0130L\u0130RL\u0130\u011e\u0130\u00a0 <\/strong><\/p>\n<p>PH&#8217;s\u0131 d\u00fc\u015f\u00fck sol\u00fcsyonlar ile, asit karakterli g\u00fcbrelerle ve y\u00fcksek kalsiyum i\u00e7eren g\u00fcbrelerle kar\u0131\u015ft\u0131r\u0131lmamal\u0131d\u0131r.<\/p>\n<p>32 \u00b0C&#8217;nin \u00fcst\u00fcndeki hava s\u0131cakl\u0131klar\u0131nda yapraktan uygulanmamal\u0131d\u0131r. Serin saatler tercih edilmelidir.<\/p>\n<p><strong>GENEL UYGULAMA DOZLARI<\/strong><\/p>\n<table>\n<tbody>\n<tr>\n<td width=\"206\"><strong>Toprak Uygulamalar\u0131<\/strong><\/td>\n<td width=\"237\"><strong>Yaprak Uygulamari<\/strong><\/td>\n<\/tr>\n<tr>\n<td width=\"206\">Tarla Bitkileri 2-3 Kg\/Da<\/td>\n<td width=\"237\">Tarla Bitkileri 200-400 gr\/Da<\/td>\n<\/tr>\n<tr>\n<td width=\"206\">Meyve A\u011fa\u00e7lar\u0131 2-4 Kg\/Da<\/td>\n<td width=\"237\">Meyve A\u011fa\u00e7lar\u0131 200-400 gr\/100 It su<\/td>\n<\/tr>\n<tr>\n<td width=\"206\">Sebzelerde\u00a0\u00a0 2 Kg\/Da<\/td>\n<td width=\"237\">Sebzelerde200-400 gr\/100 It su<\/td>\n<\/tr>\n<\/tbody>\n<\/table>\n<p>&nbsp;<\/p>\n<p><strong>\u00a0<\/strong><\/p>\n","protected":false},"excerpt":{"rendered":"<p>EVERSOL 420 POTASYUM T\u0130YOS\u00dcLFAT &nbsp; \u00a0 Garanti Edilen \u0130\u00e7erik:\u00a0\u00a0\u00a0\u00a0\u00a0\u00a0\u00a0\u00a0 \u00a0\u00a0\u00a0\u00a0\u00a0\u00a0\u00a0\u00a0\u00a0\u00a0\u00a0\u00a0\u00a0\u00a0\u00a0\u00a0\u00a0\u00a0\u00a0\u00a0\u00a0\u00a0\u00a0\u00a0\u00a0\u00a0\u00a0\u00a0\u00a0\u00a0w\/w \u00a0Suda \u00c7\u00f6z\u00fcn\u00fcr Potasyum Oksit (K\u20820)\u00a0\u00a0\u00a0\u00a0\u00a0\u00a0\u00a0\u00a0 \u00a0\u00a0\u00a0\u00a0\u00a0\u00a0\u00a0\u00a0%25 Suda \u00c7\u00f6z\u00fcn\u00fcr K\u00fck\u00fcrt Trioksit (SO\u2083)\u00a0\u00a0 \u00a0\u00a0\u00a0\u00a0\u00a0\u00a0\u00a0\u00a0\u00a0\u00a0\u00a0\u00a0\u00a0\u00a0%42 pH \u2026\u2026\u2026\u2026\u2026\u2026\u2026\u2026\u2026\u2026\u2026\u2026\u2026\u2026\u2026\u20266.5 &#8211; 8.5 Yo\u011funluk (D) \u2026\u2026\u2026\u2026\u2026\u2026\u2026\u2026\u2026\u2026\u2026\u2026\u2026.1.47 G\u00f6r\u00fcn\u00fcm: \u015eeffaf, Berrak, S\u0131v\u0131 Koku: Kokusuz &nbsp; &nbsp; KARI\u015eAB\u0130L\u0130RL\u0130\u011e\u0130\u00a0 PH&#8217;s\u0131 d\u00fc\u015f\u00fck sol\u00fcsyonlar ile, asit karakterli g\u00fcbrelerle ve y\u00fcksek kalsiyum i\u00e7eren g\u00fcbrelerle kar\u0131\u015ft\u0131r\u0131lmamal\u0131d\u0131r. 32 \u00b0C&#8217;nin \u00fcst\u00fcndeki hava [&#8230;]\n","protected":false},"featured_media":864,"template":"","meta":[],"product_cat":[85],"product_tag":[],"_links":{"self":[{"href":"https:\/\/www.nobeltarim.com\/index.php?rest_route=\/wp\/v2\/product\/838"}],"collection":[{"href":"https:\/\/www.nobeltarim.com\/index.php?rest_route=\/wp\/v2\/product"}],"about":[{"href":"https:\/\/www.nobeltarim.com\/index.php?rest_route=\/wp\/v2\/types\/product"}],"wp:featuredmedia":[{"embeddable":true,"href":"https:\/\/www.nobeltarim.com\/index.php?rest_route=\/wp\/v2\/media\/864"}],"wp:attachment":[{"href":"https:\/\/www.nobeltarim.com\/index.php?rest_route=%2Fwp%2Fv2%2Fmedia&parent=838"}],"wp:term":[{"taxonomy":"product_cat","embeddable":true,"href":"https:\/\/www.nobeltarim.com\/index.php?rest_route=%2Fwp%2Fv2%2Fproduct_cat&post=838"},{"taxonomy":"product_tag","embeddable":true,"href":"https:\/\/www.nobeltarim.com\/index.php?rest_route=%2Fwp%2Fv2%2Fproduct_tag&post=838"}],"curies":[{"name":"wp","href":"https:\/\/api.w.org\/{rel}","templated":true}]}}