{"id":820,"date":"2023-10-17T18:42:07","date_gmt":"2023-10-17T18:42:07","guid":{"rendered":"http:\/\/www.nobeltarim.com\/?post_type=product&#038;p=820"},"modified":"2025-07-17T10:27:27","modified_gmt":"2025-07-17T07:27:27","slug":"phos-pro","status":"publish","type":"product","link":"https:\/\/www.nobeltarim.com\/?product=phos-pro","title":{"rendered":"PHOS PRO"},"content":{"rendered":"<p><strong>PHOS PRO<\/strong><\/p>\n<p><strong>0.25.20<\/strong><\/p>\n<p><strong>PK G\u00dcBRE \u00c7\u00d6ZELT\u0130S\u0130<\/strong><\/p>\n<p>&nbsp;<\/p>\n<p><strong>Garanti Edilen \u0130\u00e7erik<\/strong><\/p>\n<p>Suda \u00c7\u00f6z\u00fcn\u00fcr Fosfor Penta Oksit (P\u2082O\u2085): %25 w\/w<\/p>\n<p>Suda \u00c7\u00f6z\u00fcn\u00fcr Potasyum Oksit (K\u2082O) :\u00a0\u00a0\u00a0\u00a0\u00a0 %20w\/w<\/p>\n<p>G\u00f6r\u00fcn\u00fcm: \u015eeffaf S\u0131v\u0131<\/p>\n<p>&nbsp;<\/p>\n<p>&nbsp;<\/p>\n<p>&nbsp;<\/p>\n<p><strong>Kullan\u0131m Dozlar\u0131:<\/strong><\/p>\n<p>Yaprak uygulamalar\u0131nda 100 It suya 200 ml damla sulama sitemi ile dekara 1-2 It aras\u0131nda verilebilir.<\/p>\n<p>&nbsp;<\/p>\n","protected":false},"excerpt":{"rendered":"<p>PHOS PRO 0.25.20 PK G\u00dcBRE \u00c7\u00d6ZELT\u0130S\u0130 &nbsp; Garanti Edilen \u0130\u00e7erik Suda \u00c7\u00f6z\u00fcn\u00fcr Fosfor Penta Oksit (P\u2082O\u2085): %25 w\/w Suda \u00c7\u00f6z\u00fcn\u00fcr Potasyum Oksit (K\u2082O) :\u00a0\u00a0\u00a0\u00a0\u00a0 %20w\/w G\u00f6r\u00fcn\u00fcm: \u015eeffaf S\u0131v\u0131 &nbsp; &nbsp; &nbsp; Kullan\u0131m Dozlar\u0131: Yaprak uygulamalar\u0131nda 100 It suya 200 ml damla sulama sitemi ile dekara 1-2 It aras\u0131nda verilebilir. &nbsp;<\/p>\n","protected":false},"featured_media":579,"template":"","meta":[],"product_cat":[15],"product_tag":[],"_links":{"self":[{"href":"https:\/\/www.nobeltarim.com\/index.php?rest_route=\/wp\/v2\/product\/820"}],"collection":[{"href":"https:\/\/www.nobeltarim.com\/index.php?rest_route=\/wp\/v2\/product"}],"about":[{"href":"https:\/\/www.nobeltarim.com\/index.php?rest_route=\/wp\/v2\/types\/product"}],"wp:featuredmedia":[{"embeddable":true,"href":"https:\/\/www.nobeltarim.com\/index.php?rest_route=\/wp\/v2\/media\/579"}],"wp:attachment":[{"href":"https:\/\/www.nobeltarim.com\/index.php?rest_route=%2Fwp%2Fv2%2Fmedia&parent=820"}],"wp:term":[{"taxonomy":"product_cat","embeddable":true,"href":"https:\/\/www.nobeltarim.com\/index.php?rest_route=%2Fwp%2Fv2%2Fproduct_cat&post=820"},{"taxonomy":"product_tag","embeddable":true,"href":"https:\/\/www.nobeltarim.com\/index.php?rest_route=%2Fwp%2Fv2%2Fproduct_tag&post=820"}],"curies":[{"name":"wp","href":"https:\/\/api.w.org\/{rel}","templated":true}]}}