{"id":808,"date":"2023-10-17T18:31:11","date_gmt":"2023-10-17T18:31:11","guid":{"rendered":"http:\/\/www.nobeltarim.com\/?post_type=product&#038;p=808"},"modified":"2025-09-09T16:31:40","modified_gmt":"2025-09-09T13:31:40","slug":"neutral-zorb","status":"publish","type":"product","link":"https:\/\/www.nobeltarim.com\/?product=neutral-zorb","title":{"rendered":"NEUTRAL-ZORB"},"content":{"rendered":"<p><strong>NEUTRAL-ZORB<\/strong><\/p>\n<p><strong>0-24-5<\/strong><\/p>\n<p><strong>\u00a0<\/strong><\/p>\n<p><strong>Garanti Edilen \u0130\u00e7erik<\/strong><\/p>\n<p><strong>\u00a0<\/strong><\/p>\n<p>Suda Cozunur Fosfor Penta Oksit (P\u2082O\u2085):\u00a0\u00a0\u00a0\u00a0\u00a0\u00a0\u00a0\u00a0\u00a0\u00a0\u00a0\u00a0\u00a0\u00a0\u00a0\u00a0\u00a0\u00a0\u00a0\u00a0\u00a0\u00a0\u00a0 %24 w\/w<\/p>\n<p>Suda \u00c7\u00f6z\u00fcn\u00fcr Potasyum Oksit (K\u2082O):\u00a0\u00a0\u00a0\u00a0\u00a0\u00a0\u00a0\u00a0\u00a0\u00a0\u00a0\u00a0\u00a0\u00a0\u00a0\u00a0\u00a0\u00a0\u00a0\u00a0\u00a0\u00a0\u00a0\u00a0\u00a0\u00a0\u00a0\u00a0 \u00a0\u00a0\u00a0%5 w\/w<\/p>\n<p>Suda \u00c7\u00f6z\u00fcn\u00fcr Kalsiyum Oksit (CaO):\u00a0\u00a0\u00a0\u00a0\u00a0\u00a0\u00a0\u00a0\u00a0\u00a0\u00a0\u00a0\u00a0\u00a0\u00a0\u00a0\u00a0\u00a0\u00a0\u00a0\u00a0 \u00a0\u00a0\u00a0\u00a0\u00a0\u00a0\u00a0\u00a0% 12 w\/w<\/p>\n<p>Suda Cozunur \u00c7inko (Zn):\u00a0\u00a0 \u00a0\u00a0\u00a0\u00a0\u00a0\u00a0\u00a0\u00a0\u00a0\u00a0\u00a0\u00a0\u00a0\u00a0\u00a0\u00a0\u00a0\u00a0\u00a0\u00a0\u00a0\u00a0\u00a0\u00a0\u00a0\u00a0\u00a0\u00a0\u00a0\u00a0\u00a0\u00a0\u00a0\u00a0\u00a0\u00a0\u00a0\u00a0\u00a0\u00a0\u00a0\u00a0\u00a0\u00a0\u00a0\u00a0% 10 w\/w<\/p>\n<p>&nbsp;<\/p>\n<p><strong>\u00a0<\/strong><\/p>\n<p>&nbsp;<\/p>\n<p><strong>Genel Uygulama Dozu:<\/strong> Yapraktan uygulama olarak bitkinin geli\u015fim d\u00f6nemine g\u00f6re 100 lt suya 100-200 gramd\u0131r. Bir\u00e7ok \u00fcr\u00fcnle kar\u0131\u015ft\u0131r\u0131larak kullan\u0131labilir.<\/p>\n","protected":false},"excerpt":{"rendered":"<p>NEUTRAL-ZORB 0-24-5 \u00a0 Garanti Edilen \u0130\u00e7erik \u00a0 Suda Cozunur Fosfor Penta Oksit (P\u2082O\u2085):\u00a0\u00a0\u00a0\u00a0\u00a0\u00a0\u00a0\u00a0\u00a0\u00a0\u00a0\u00a0\u00a0\u00a0\u00a0\u00a0\u00a0\u00a0\u00a0\u00a0\u00a0\u00a0\u00a0 %24 w\/w Suda \u00c7\u00f6z\u00fcn\u00fcr Potasyum Oksit (K\u2082O):\u00a0\u00a0\u00a0\u00a0\u00a0\u00a0\u00a0\u00a0\u00a0\u00a0\u00a0\u00a0\u00a0\u00a0\u00a0\u00a0\u00a0\u00a0\u00a0\u00a0\u00a0\u00a0\u00a0\u00a0\u00a0\u00a0\u00a0\u00a0 \u00a0\u00a0\u00a0%5 w\/w Suda \u00c7\u00f6z\u00fcn\u00fcr Kalsiyum Oksit (CaO):\u00a0\u00a0\u00a0\u00a0\u00a0\u00a0\u00a0\u00a0\u00a0\u00a0\u00a0\u00a0\u00a0\u00a0\u00a0\u00a0\u00a0\u00a0\u00a0\u00a0\u00a0 \u00a0\u00a0\u00a0\u00a0\u00a0\u00a0\u00a0\u00a0% 12 w\/w Suda Cozunur \u00c7inko (Zn):\u00a0\u00a0 \u00a0\u00a0\u00a0\u00a0\u00a0\u00a0\u00a0\u00a0\u00a0\u00a0\u00a0\u00a0\u00a0\u00a0\u00a0\u00a0\u00a0\u00a0\u00a0\u00a0\u00a0\u00a0\u00a0\u00a0\u00a0\u00a0\u00a0\u00a0\u00a0\u00a0\u00a0\u00a0\u00a0\u00a0\u00a0\u00a0\u00a0\u00a0\u00a0\u00a0\u00a0\u00a0\u00a0\u00a0\u00a0\u00a0% 10 w\/w &nbsp; \u00a0 &nbsp; Genel Uygulama Dozu: Yapraktan uygulama olarak bitkinin geli\u015fim d\u00f6nemine g\u00f6re 100 lt suya 100-200 gramd\u0131r. [&#8230;]\n","protected":false},"featured_media":559,"template":"","meta":[],"product_cat":[79],"product_tag":[],"_links":{"self":[{"href":"https:\/\/www.nobeltarim.com\/index.php?rest_route=\/wp\/v2\/product\/808"}],"collection":[{"href":"https:\/\/www.nobeltarim.com\/index.php?rest_route=\/wp\/v2\/product"}],"about":[{"href":"https:\/\/www.nobeltarim.com\/index.php?rest_route=\/wp\/v2\/types\/product"}],"wp:featuredmedia":[{"embeddable":true,"href":"https:\/\/www.nobeltarim.com\/index.php?rest_route=\/wp\/v2\/media\/559"}],"wp:attachment":[{"href":"https:\/\/www.nobeltarim.com\/index.php?rest_route=%2Fwp%2Fv2%2Fmedia&parent=808"}],"wp:term":[{"taxonomy":"product_cat","embeddable":true,"href":"https:\/\/www.nobeltarim.com\/index.php?rest_route=%2Fwp%2Fv2%2Fproduct_cat&post=808"},{"taxonomy":"product_tag","embeddable":true,"href":"https:\/\/www.nobeltarim.com\/index.php?rest_route=%2Fwp%2Fv2%2Fproduct_tag&post=808"}],"curies":[{"name":"wp","href":"https:\/\/api.w.org\/{rel}","templated":true}]}}