{"id":1015,"date":"2023-11-28T21:25:26","date_gmt":"2023-11-28T18:25:26","guid":{"rendered":"https:\/\/www.nobeltarim.com\/?post_type=product&#038;p=1015"},"modified":"2023-11-28T21:25:26","modified_gmt":"2023-11-28T18:25:26","slug":"nz-3-15-2","status":"publish","type":"product","link":"https:\/\/www.nobeltarim.com\/?product=nz-3-15-2&lang=fr","title":{"rendered":"NZ 3 15"},"content":{"rendered":"<p><strong>NZ 3 15<\/strong><\/p>\n<p><strong>\u00a0<\/strong><\/p>\n<p><strong>CONTENU GARANTI :\u00a0\u00a0\u00a0\u00a0\u00a0\u00a0\u00a0\u00a0\u00a0\u00a0\u00a0\u00a0\u00a0\u00a0\u00a0\u00a0\u00a0\u00a0\u00a0\u00a0\u00a0\u00a0\u00a0\u00a0 p\/p<\/strong><\/p>\n<p>Mangan\u00e8se soluble dans l&#8217;eau (Mn) \u00a0\u00a0\u00a0\u00a0\u00a0\u00a0\u00a0\u00a0\u00a015%<\/p>\n<p>Zinc soluble dans l&#8217;eau (Zn) \u00a0\u00a0\u00a0\u00a0\u00a0\u00a0\u00a0\u00a0\u00a0\u00a0\u00a0\u00a0\u00a0\u00a0\u00a0\u00a0\u00a0\u00a0\u00a0\u00a0\u00a015%<\/p>\n<p>&nbsp;<\/p>\n<p>&nbsp;<\/p>\n<p>CARACT\u00c9RISTIQUES<\/p>\n<p>&#8211; Il s&#8217;agit d&#8217;un produit indispensable, en particulier pour les cultures d&#8217;agrumes et de l\u00e9gumes.<\/p>\n<p>&#8211; Les \u00e9l\u00e9ments les plus n\u00e9cessaires sont apport\u00e9s pendant la formation des bourgeons et la p\u00e9riode de fructification des plantes.<\/p>\n<p>&#8211; Il assure une bonne formation des bourgeons, du pollen dans l&#8217;inflorescence en l&#8217;appliquant pendant les p\u00e9riodes de pr\u00e9paration pr\u00e9-florales des plantes. En augmentant la p\u00e9riode de viabilit\u00e9 du pollen, il permet d&#8217;obtenir le meilleur rendement m\u00eame dans des conditions climatiques d\u00e9favorables de fertilisation.<\/p>\n<p>&nbsp;<\/p>\n<p>Dosage g\u00e9n\u00e9ral de l&#8217;application :<\/p>\n<p>&#8211; Les applications foliaires se font \u00e0 raison de 200 gr pour 100 It. (Au moins 2 applications doivent \u00eatre effectu\u00e9es.)<\/p>\n<p>&#8211; Il s&#8217;administre \u00e0 raison de 400-600 gr par d\u00e9care avec une irrigation au goutte-\u00e0-goutte.<\/p>\n","protected":false},"excerpt":{"rendered":"<p>NZ 3 15 \u00a0 CONTENU GARANTI :\u00a0\u00a0\u00a0\u00a0\u00a0\u00a0\u00a0\u00a0\u00a0\u00a0\u00a0\u00a0\u00a0\u00a0\u00a0\u00a0\u00a0\u00a0\u00a0\u00a0\u00a0\u00a0\u00a0\u00a0 p\/p Mangan\u00e8se soluble dans l&#8217;eau (Mn) \u00a0\u00a0\u00a0\u00a0\u00a0\u00a0\u00a0\u00a0\u00a015% Zinc soluble dans l&#8217;eau (Zn) \u00a0\u00a0\u00a0\u00a0\u00a0\u00a0\u00a0\u00a0\u00a0\u00a0\u00a0\u00a0\u00a0\u00a0\u00a0\u00a0\u00a0\u00a0\u00a0\u00a0\u00a015% &nbsp; &nbsp; CARACT\u00c9RISTIQUES &#8211; Il s&#8217;agit d&#8217;un produit indispensable, en particulier pour les cultures d&#8217;agrumes et de l\u00e9gumes. &#8211; Les \u00e9l\u00e9ments les plus n\u00e9cessaires sont apport\u00e9s pendant la formation des bourgeons et la p\u00e9riode de [&#8230;]\n","protected":false},"featured_media":508,"template":"","meta":[],"product_cat":[253],"product_tag":[],"_links":{"self":[{"href":"https:\/\/www.nobeltarim.com\/index.php?rest_route=\/wp\/v2\/product\/1015"}],"collection":[{"href":"https:\/\/www.nobeltarim.com\/index.php?rest_route=\/wp\/v2\/product"}],"about":[{"href":"https:\/\/www.nobeltarim.com\/index.php?rest_route=\/wp\/v2\/types\/product"}],"wp:featuredmedia":[{"embeddable":true,"href":"https:\/\/www.nobeltarim.com\/index.php?rest_route=\/wp\/v2\/media\/508"}],"wp:attachment":[{"href":"https:\/\/www.nobeltarim.com\/index.php?rest_route=%2Fwp%2Fv2%2Fmedia&parent=1015"}],"wp:term":[{"taxonomy":"product_cat","embeddable":true,"href":"https:\/\/www.nobeltarim.com\/index.php?rest_route=%2Fwp%2Fv2%2Fproduct_cat&post=1015"},{"taxonomy":"product_tag","embeddable":true,"href":"https:\/\/www.nobeltarim.com\/index.php?rest_route=%2Fwp%2Fv2%2Fproduct_tag&post=1015"}],"curies":[{"name":"wp","href":"https:\/\/api.w.org\/{rel}","templated":true}]}}