{"id":90,"date":"2013-08-11T19:06:15","date_gmt":"2013-08-11T19:06:15","guid":{"rendered":"http:\/\/localhost:8888\/test\/?page_id=520"},"modified":"2022-03-10T09:13:53","modified_gmt":"2022-03-10T09:13:53","slug":"nobel-tarim-hakkinda","status":"publish","type":"page","link":"https:\/\/www.nobeltarim.com\/?page_id=90","title":{"rendered":"Nobel Tar\u0131m Hakk\u0131nda"},"content":{"rendered":"\t<div class=\"img has-hover x md-x lg-x y md-y lg-y\" id=\"image_545869209\">\n\t\t\t\t\t\t\t\t<div class=\"img-inner dark\" >\n\t\t\t<img width=\"1020\" height=\"643\" src=\"https:\/\/www.nobeltarim.com\/wp-content\/uploads\/2022\/03\/fabrika-1270x800.jpg\" class=\"attachment-large size-large\" alt=\"\" decoding=\"async\" loading=\"lazy\" srcset=\"https:\/\/www.nobeltarim.com\/wp-content\/uploads\/2022\/03\/fabrika-1270x800.jpg 1270w, https:\/\/www.nobeltarim.com\/wp-content\/uploads\/2022\/03\/fabrika-635x400.jpg 635w, https:\/\/www.nobeltarim.com\/wp-content\/uploads\/2022\/03\/fabrika-768x484.jpg 768w, https:\/\/www.nobeltarim.com\/wp-content\/uploads\/2022\/03\/fabrika-1536x967.jpg 1536w, https:\/\/www.nobeltarim.com\/wp-content\/uploads\/2022\/03\/fabrika-600x378.jpg 600w, https:\/\/www.nobeltarim.com\/wp-content\/uploads\/2022\/03\/fabrika.jpg 1920w\" sizes=\"(max-width: 1020px) 100vw, 1020px\" \/>\t\t\t\t\t\t\n\t\t\t\t\t<\/div>\n\t\t\t\t\t\t\t\t\n<style>\n#image_545869209 {\n  width: 100%;\n}\n<\/style>\n\t<\/div>\n\t\n\t<div id=\"gap-110067476\" class=\"gap-element clearfix\" style=\"display:block; height:auto;\">\n\t\t\n<style>\n#gap-110067476 {\n  padding-top: 30px;\n}\n<\/style>\n\t<\/div>\n\t\n<div class=\"row\"  id=\"row-548259730\">\n\n\t<div id=\"col-341355874\" class=\"col small-12 large-12\"  >\n\t\t<div class=\"col-inner\"  >\n\t\t\t\n\t\t\t\n<div>1992 y\u0131l\u0131nda Antalya\u2019da kurulan Nobel Tar\u0131m, tecr\u00fcbesi ve yenilik\u00e7i yap\u0131s\u0131yla tar\u0131m sekt\u00f6r\u00fcnde hizmet vermektedir. Uzun y\u0131llar\u0131n verdi\u011fi deneyim ve g\u00fc\u00e7 ile sekt\u00f6r\u00fcn\u00fcn amiral firmalar\u0131 aras\u0131ndad\u0131r.<\/div>\n<div>\u00a0<\/div>\n<div>Antalya Organize Sanayi B\u00f6lgesinde <strong>32.000m2<\/strong> alanda bulunan firmam\u0131z \u00fcretim kapasitesinde de sekt\u00f6r\u00fcn \u00f6nc\u00fclerindendir.<\/div>\n<div>\u00a0<\/div>\n<blockquote>\n<div><em><strong>150\u2019nin \u00fczerinde \u00fcr\u00fcn yelpazesiyle ile \u00e7ift\u00e7ilerimize en uygun \u00fcr\u00fcn\u00fc temin etmeyi garanti etmektedir.<\/strong><\/em><\/div>\n<\/blockquote>\n<div>Firmam\u0131z taraf\u0131ndan \u00fcretilen bitki besleme gruplar\u0131; s\u00fcrd\u00fcr\u00fclebilir tar\u0131m ve \u00e7evre bak\u0131m\u0131ndan organik tar\u0131m ve iyi tar\u0131m uygulamalar\u0131na y\u00f6neliktir. Damla sulama g\u00fcbreleri, s\u0131v\u0131 ve kat\u0131 yaprak g\u00fcbreleri, s\u0131v\u0131 ve kat\u0131 organik g\u00fcbreler, organomineralli g\u00fcbreler tamamen bitkilerin ihtiya\u00e7 duydu\u011fu besin elementleri taraf\u0131ndan zenginle\u015ftirilerek gerekli ve yeterli oranlarda dengelenerek \u00fcretilmektedir.\u00a0<\/div>\n<div>\u00a0<\/div>\n<div>T\u00fcrkiye\u2019nin her b\u00f6lgesine uzanan firmam\u0131z geni\u015f \u00e7al\u0131\u015fan kadrosuyla \u00e7ift\u00e7ilerimize an\u0131nda ve istenilen yerde cevap verebilmektedir.<\/div>\n<div class=\"text-center\"><div class=\"is-divider divider clearfix\" ><\/div><\/div>\n<div class=\"row\"  id=\"row-46729170\">\n\n\t<div id=\"col-594795881\" class=\"col medium-6 small-12 large-6\"  >\n\t\t<div class=\"col-inner\"  >\n\t\t\t\n\t\t\t\n<blockquote>\n<h3>M\u0130SYONUMUZ<\/h3>\n<\/blockquote>\n<p>Dinamik yap\u0131s\u0131,\u00a0Donan\u0131ml\u0131 teknik personeli,\u00a0Modern \u00fcretim teknikleri,\u00a0Titiz kalite kontrol\u00fc,\u00a0Ve y\u00fcksek \u00fcretim kapasitesiyle,\u00a0M\u00fc\u015fterilerinin de\u011fi\u015fen ihtiya\u00e7lar\u0131na uygun olarak, geli\u015fen teknoloji ile d\u00fcnya standartlar\u0131nda \u00fcr\u00fcn elde ederek, s\u00fcrd\u00fcr\u00fclebilir bir b\u00fcy\u00fcme ile hem ya\u015fama , hem de \u00fclkemiz ve kentimiz ekonomisine de\u011fer katmay\u0131 HEDEFLER.<\/p>\n\t\t<\/div>\n\t\t\t<\/div>\n\n\t\n\n\t<div id=\"col-1008357304\" class=\"col medium-6 small-12 large-6\"  >\n\t\t<div class=\"col-inner\"  >\n\t\t\t\n\t\t\t\n<blockquote>\n<h3>V\u0130ZYONUMUZ<\/h3>\n<\/blockquote>\n<p>Geli\u015ftirdi\u011fimiz insan sa\u011fl\u0131\u011f\u0131 ve \u00e7evre odakl\u0131, inovatif teknolojilerin say\u0131s\u0131n\u0131 art\u0131rmak ve bu y\u00f6ndeki at\u0131l\u0131mlara, \u00fclke ekonomisine de\u011fer kazand\u0131ran lider bir firma olarak \u00f6nc\u00fcl\u00fck etmektir.<\/p>\n\t\t<\/div>\n\t\t\t<\/div>\n\n\t\n<\/div>\n\t\t<\/div>\n\t\t\t<\/div>\n\n\t\n<\/div>\n","protected":false},"excerpt":{"rendered":"","protected":false},"author":1,"featured_media":0,"parent":0,"menu_order":0,"comment_status":"closed","ping_status":"closed","template":"","meta":[],"_links":{"self":[{"href":"https:\/\/www.nobeltarim.com\/index.php?rest_route=\/wp\/v2\/pages\/90"}],"collection":[{"href":"https:\/\/www.nobeltarim.com\/index.php?rest_route=\/wp\/v2\/pages"}],"about":[{"href":"https:\/\/www.nobeltarim.com\/index.php?rest_route=\/wp\/v2\/types\/page"}],"author":[{"embeddable":true,"href":"https:\/\/www.nobeltarim.com\/index.php?rest_route=\/wp\/v2\/users\/1"}],"replies":[{"embeddable":true,"href":"https:\/\/www.nobeltarim.com\/index.php?rest_route=%2Fwp%2Fv2%2Fcomments&post=90"}],"version-history":[{"count":13,"href":"https:\/\/www.nobeltarim.com\/index.php?rest_route=\/wp\/v2\/pages\/90\/revisions"}],"predecessor-version":[{"id":765,"href":"https:\/\/www.nobeltarim.com\/index.php?rest_route=\/wp\/v2\/pages\/90\/revisions\/765"}],"wp:attachment":[{"href":"https:\/\/www.nobeltarim.com\/index.php?rest_route=%2Fwp%2Fv2%2Fmedia&parent=90"}],"curies":[{"name":"wp","href":"https:\/\/api.w.org\/{rel}","templated":true}]}}